CRAN Package Check Results for Package countyfloods

Last updated on 2020-01-27 00:48:00 CET.

Flavor Version Tinstall Tcheck Ttotal Status Flags
r-devel-linux-x86_64-debian-clang 0.1.0 4.53 40.10 44.63 NOTE
r-devel-linux-x86_64-debian-gcc 0.1.0 4.07 31.73 35.80 NOTE
r-devel-linux-x86_64-fedora-clang 0.1.0 57.83 NOTE
r-devel-linux-x86_64-fedora-gcc 0.1.0 53.97 NOTE
r-devel-windows-ix86+x86_64 0.1.0 18.00 89.00 107.00 NOTE
r-devel-windows-ix86+x86_64-gcc8 0.1.0 20.00 79.00 99.00 NOTE
r-patched-linux-x86_64 0.1.0 4.70 35.90 40.60 OK
r-patched-solaris-x86 0.1.0 73.10 NOTE
r-release-linux-x86_64 0.1.0 4.11 36.43 40.54 OK
r-release-windows-ix86+x86_64 0.1.0 11.00 55.00 66.00 OK
r-release-osx-x86_64 0.1.0 NOTE
r-oldrel-windows-ix86+x86_64 0.1.0 7.00 55.00 62.00 OK
r-oldrel-osx-x86_64 0.1.0 NOTE

Check Details

Version: 0.1.0
Check: package vignettes
Result: NOTE
    Package vignette with placeholder title 'Vignette Title':
     'countyflood.Rmd'
Flavors: r-devel-linux-x86_64-debian-clang, r-devel-linux-x86_64-debian-gcc, r-devel-windows-ix86+x86_64, r-devel-windows-ix86+x86_64-gcc8

Version: 0.1.0
Check: dependencies in R code
Result: NOTE
    Namespace in Imports field not imported from: ‘maps’
     All declared Imports should be used.
Flavors: r-devel-linux-x86_64-fedora-clang, r-devel-linux-x86_64-fedora-gcc, r-patched-solaris-x86, r-release-osx-x86_64, r-oldrel-osx-x86_64