CRAN Package Check Results for Package corr2D

Last updated on 2020-01-27 00:48:00 CET.

Flavor Version Tinstall Tcheck Ttotal Status Flags
r-devel-linux-x86_64-debian-clang 1.0.0 3.53 40.42 43.95 OK
r-devel-linux-x86_64-debian-gcc 1.0.0 2.64 30.99 33.63 OK
r-devel-linux-x86_64-fedora-clang 1.0.0 54.13 NOTE
r-devel-linux-x86_64-fedora-gcc 1.0.0 52.76 NOTE
r-devel-windows-ix86+x86_64 1.0.0 29.00 90.00 119.00 OK
r-devel-windows-ix86+x86_64-gcc8 1.0.0 14.00 76.00 90.00 OK
r-patched-linux-x86_64 1.0.0 2.32 36.15 38.47 OK
r-patched-solaris-x86 1.0.0 78.90 NOTE
r-release-linux-x86_64 1.0.0 3.21 36.38 39.59 OK
r-release-windows-ix86+x86_64 1.0.0 7.00 54.00 61.00 OK
r-release-osx-x86_64 1.0.0 NOTE
r-oldrel-windows-ix86+x86_64 1.0.0 5.00 53.00 58.00 OK
r-oldrel-osx-x86_64 1.0.0 NOTE

Check Details

Version: 1.0.0
Check: dependencies in R code
Result: NOTE
    Namespaces in Imports field not imported from:
     ‘profr’ ‘xtable’
     All declared Imports should be used.
Flavors: r-devel-linux-x86_64-fedora-clang, r-devel-linux-x86_64-fedora-gcc, r-patched-solaris-x86, r-release-osx-x86_64, r-oldrel-osx-x86_64