CRAN Package Check Results for Package corpus

Last updated on 2020-01-27 00:48:00 CET.

Flavor Version Tinstall Tcheck Ttotal Status Flags
r-devel-linux-x86_64-debian-clang 0.10.0 27.52 59.35 86.87 OK
r-devel-linux-x86_64-debian-gcc 0.10.0 19.71 45.63 65.34 OK
r-devel-linux-x86_64-fedora-clang 0.10.0 108.46 NOTE
r-devel-linux-x86_64-fedora-gcc 0.10.0 104.01 NOTE
r-devel-windows-ix86+x86_64 0.10.0 151.00 136.00 287.00 OK
r-devel-windows-ix86+x86_64-gcc8 0.10.0 99.00 118.00 217.00 OK
r-patched-linux-x86_64 0.10.0 20.37 54.14 74.51 OK
r-patched-solaris-x86 0.10.0 130.40 WARN
r-release-linux-x86_64 0.10.0 20.69 53.76 74.45 OK
r-release-windows-ix86+x86_64 0.10.0 87.00 88.00 175.00 OK
r-release-osx-x86_64 0.10.0 NOTE
r-oldrel-windows-ix86+x86_64 0.10.0 115.00 77.00 192.00 OK
r-oldrel-osx-x86_64 0.10.0 NOTE

Check Details

Version: 0.10.0
Check: data for non-ASCII characters
Result: NOTE
     Note: found 578 marked UTF-8 strings
Flavors: r-devel-linux-x86_64-fedora-clang, r-devel-linux-x86_64-fedora-gcc, r-patched-solaris-x86, r-release-osx-x86_64, r-oldrel-osx-x86_64

Version: 0.10.0
Check: for unstated dependencies in ‘tests’
Result: WARN
    Warning in deparse(e[[2L]]) :
     it is not known that wchar_t is Unicode on this platform
    Warning in deparse(e[[2L]]) :
     it is not known that wchar_t is Unicode on this platform
    Warning in deparse(e[[2L]]) :
     it is not known that wchar_t is Unicode on this platform
    Warning in deparse(e[[2L]]) :
     it is not known that wchar_t is Unicode on this platform
    Warning in deparse(e[[2L]]) :
     it is not known that wchar_t is Unicode on this platform
    Warning in deparse(e[[2L]]) :
     it is not known that wchar_t is Unicode on this platform
Flavor: r-patched-solaris-x86