CRAN Package Check Results for Package cord

Last updated on 2020-01-27 00:48:00 CET.

Flavor Version Tinstall Tcheck Ttotal Status Flags
r-devel-linux-x86_64-debian-clang 0.1.1 40.90 22.14 63.04 OK
r-devel-linux-x86_64-debian-gcc 0.1.1 24.06 17.85 41.91 OK
r-devel-linux-x86_64-fedora-clang 0.1.1 85.02 NOTE
r-devel-linux-x86_64-fedora-gcc 0.1.1 78.32 NOTE
r-devel-windows-ix86+x86_64 0.1.1 98.00 80.00 178.00 OK
r-devel-windows-ix86+x86_64-gcc8 0.1.1 103.00 62.00 165.00 OK
r-patched-linux-x86_64 0.1.1 28.32 20.68 49.00 OK
r-patched-solaris-x86 0.1.1 80.80 OK
r-release-linux-x86_64 0.1.1 28.21 20.96 49.17 OK
r-release-windows-ix86+x86_64 0.1.1 70.00 49.00 119.00 OK
r-release-osx-x86_64 0.1.1 OK
r-oldrel-windows-ix86+x86_64 0.1.1 56.00 51.00 107.00 OK
r-oldrel-osx-x86_64 0.1.1 OK

Check Details

Version: 0.1.1
Check: compiled code
Result: NOTE
    File ‘cord/libs/cord.so’:
     Found no calls to: ‘R_registerRoutines’, ‘R_useDynamicSymbols’
    
    It is good practice to register native routines and to disable symbol
    search.
    
    See ‘Writing portable packages’ in the ‘Writing R Extensions’ manual.
Flavors: r-devel-linux-x86_64-fedora-clang, r-devel-linux-x86_64-fedora-gcc