CRAN Package Check Results for Package convoSPAT

Last updated on 2020-01-27 00:48:00 CET.

Flavor Version Tinstall Tcheck Ttotal Status Flags
r-devel-linux-x86_64-debian-clang 1.2.4 16.77 126.48 143.25 OK
r-devel-linux-x86_64-debian-gcc 1.2.6 9.89 68.25 78.14 OK
r-devel-linux-x86_64-fedora-clang 1.2.6 124.09 OK
r-devel-linux-x86_64-fedora-gcc 1.2.6 127.06 OK
r-devel-windows-ix86+x86_64 1.2.6 31.00 139.00 170.00 OK
r-devel-windows-ix86+x86_64-gcc8 1.2.4 41.00 183.00 224.00 OK
r-patched-linux-x86_64 1.2.6 9.51 78.49 88.00 OK
r-patched-solaris-x86 1.2.6 160.10 OK
r-release-linux-x86_64 1.2.6 9.94 78.38 88.32 OK
r-release-windows-ix86+x86_64 1.2.4 24.00 118.00 142.00 OK
r-release-osx-x86_64 1.2.4 FAIL
r-oldrel-windows-ix86+x86_64 1.2.6 24.00 177.00 201.00 OK
r-oldrel-osx-x86_64 1.2.4 OK

Check Details

Version: 1.2.4
Check: whether package can be installed
Result: FAIL
Flavor: r-release-osx-x86_64