CRAN Package Check Results for Package congressbr

Last updated on 2020-01-27 00:48:00 CET.

Flavor Version Tinstall Tcheck Ttotal Status Flags
r-devel-linux-x86_64-debian-clang 0.2.2 12.12 82.62 94.74 OK
r-devel-linux-x86_64-debian-gcc 0.2.2 10.03 62.34 72.37 OK
r-devel-linux-x86_64-fedora-clang 0.2.2 112.76 NOTE
r-devel-linux-x86_64-fedora-gcc 0.2.2 108.29 NOTE
r-devel-windows-ix86+x86_64 0.2.2 37.00 199.00 236.00 OK
r-devel-windows-ix86+x86_64-gcc8 0.2.2 30.00 186.00 216.00 OK
r-patched-linux-x86_64 0.2.2 10.90 72.79 83.69 OK
r-patched-solaris-x86 0.2.2 136.30 WARN
r-release-linux-x86_64 0.2.2 9.90 72.44 82.34 OK
r-release-windows-ix86+x86_64 0.2.2 17.00 133.00 150.00 OK
r-release-osx-x86_64 0.2.2 NOTE
r-oldrel-windows-ix86+x86_64 0.2.2 12.00 127.00 139.00 OK
r-oldrel-osx-x86_64 0.2.2 NOTE

Check Details

Version: 0.2.2
Check: data for non-ASCII characters
Result: NOTE
     Note: found 1 marked UTF-8 string
Flavors: r-devel-linux-x86_64-fedora-clang, r-devel-linux-x86_64-fedora-gcc, r-patched-solaris-x86, r-release-osx-x86_64, r-oldrel-osx-x86_64

Version: 0.2.2
Check: re-building of vignette outputs
Result: WARN
    Error(s) in re-building vignettes:
     ...
    --- re-building ‘chamber.Rmd’ using rmarkdown
    Warning in engine$weave(file, quiet = quiet, encoding = enc) :
     Pandoc (>= 1.12.3) and/or pandoc-citeproc not available. Falling back to R Markdown v1.
    Quitting from lines 50-51 (chamber.Rmd)
    Error: processing vignette 'chamber.Rmd' failed with diagnostics:
    Timeout was reached: [www.camara.leg.br] Resolving timed out after 10011 milliseconds
    --- failed re-building ‘chamber.Rmd’
    
    --- re-building ‘senate.Rmd’ using rmarkdown
    Warning in engine$weave(file, quiet = quiet, encoding = enc) :
     Pandoc (>= 1.12.3) and/or pandoc-citeproc not available. Falling back to R Markdown v1.
    Loading required package: dplyr
    
    Attaching package: 'dplyr'
    
    The following objects are masked from 'package:stats':
    
     filter, lag
    
    The following objects are masked from 'package:base':
    
     intersect, setdiff, setequal, union
    
    --- finished re-building ‘senate.Rmd’
    
    SUMMARY: processing the following file failed:
     ‘chamber.Rmd’
    
    Error: Vignette re-building failed.
    Execution halted
Flavor: r-patched-solaris-x86