CRAN Package Check Results for Package comparison

Last updated on 2020-01-27 00:48:00 CET.

Flavor Version Tinstall Tcheck Ttotal Status Flags
r-devel-linux-x86_64-debian-clang 1.0-4 3.02 48.78 51.80 NOTE
r-devel-linux-x86_64-debian-gcc 1.0-4 2.47 38.12 40.59 NOTE
r-devel-linux-x86_64-fedora-clang 1.0-4 62.03 NOTE
r-devel-linux-x86_64-fedora-gcc 1.0-4 60.37 NOTE
r-devel-windows-ix86+x86_64 1.0-4 8.00 63.00 71.00 NOTE
r-devel-windows-ix86+x86_64-gcc8 1.0-4 6.00 83.00 89.00 NOTE
r-patched-linux-x86_64 1.0-4 2.15 42.83 44.98 NOTE
r-patched-solaris-x86 1.0-4 71.50 NOTE
r-release-linux-x86_64 1.0-4 2.10 43.26 45.36 NOTE
r-release-windows-ix86+x86_64 1.0-4 5.00 74.00 79.00 NOTE
r-release-osx-x86_64 1.0-4 NOTE
r-oldrel-windows-ix86+x86_64 1.0-4 4.00 55.00 59.00 NOTE
r-oldrel-osx-x86_64 1.0-4 NOTE

Check Details

Version: 1.0-4
Check: DESCRIPTION meta-information
Result: NOTE
    Malformed Description field: should contain one or more complete sentences.
Flavors: r-devel-linux-x86_64-debian-clang, r-devel-linux-x86_64-debian-gcc, r-devel-linux-x86_64-fedora-clang, r-devel-linux-x86_64-fedora-gcc, r-devel-windows-ix86+x86_64, r-devel-windows-ix86+x86_64-gcc8, r-patched-linux-x86_64, r-patched-solaris-x86, r-release-linux-x86_64, r-release-windows-ix86+x86_64, r-release-osx-x86_64, r-oldrel-windows-ix86+x86_64, r-oldrel-osx-x86_64

Version: 1.0-4
Check: R code for possible problems
Result: NOTE
    two.level.comparison.items: no visible global function definition for
     'complete.cases'
    two.level.components: no visible global function definition for
     'complete.cases'
    plot,ece: no visible global function definition for 'par'
    plot,ece: no visible global function definition for 'points'
    plot,ece: no visible global function definition for 'mtext'
    plot,ece: no visible global function definition for 'legend'
    plot,ece: no visible global function definition for 'abline'
    Undefined global functions or variables:
     abline complete.cases legend mtext par points
    Consider adding
     importFrom("graphics", "abline", "legend", "mtext", "par", "points")
     importFrom("stats", "complete.cases")
    to your NAMESPACE file.
Flavors: r-devel-linux-x86_64-debian-clang, r-devel-linux-x86_64-debian-gcc, r-devel-linux-x86_64-fedora-clang, r-devel-linux-x86_64-fedora-gcc, r-devel-windows-ix86+x86_64, r-devel-windows-ix86+x86_64-gcc8, r-patched-linux-x86_64, r-patched-solaris-x86, r-release-linux-x86_64, r-release-windows-ix86+x86_64, r-release-osx-x86_64, r-oldrel-windows-ix86+x86_64, r-oldrel-osx-x86_64