CRAN Package Check Results for Package colt

Last updated on 2020-01-27 00:47:59 CET.

Flavor Version Tinstall Tcheck Ttotal Status Flags
r-devel-linux-x86_64-debian-clang 0.1.1 2.15 20.47 22.62 OK
r-devel-linux-x86_64-debian-gcc 0.1.1 1.74 16.56 18.30 OK
r-devel-linux-x86_64-fedora-clang 0.1.1 28.29 NOTE
r-devel-linux-x86_64-fedora-gcc 0.1.1 27.46 NOTE
r-devel-windows-ix86+x86_64 0.1.1 9.00 47.00 56.00 OK
r-devel-windows-ix86+x86_64-gcc8 0.1.1 6.00 47.00 53.00 OK
r-patched-linux-x86_64 0.1.1 1.73 18.72 20.45 OK
r-patched-solaris-x86 0.1.1 40.10 NOTE
r-release-linux-x86_64 0.1.1 1.63 18.95 20.58 OK
r-release-windows-ix86+x86_64 0.1.1 4.00 32.00 36.00 OK
r-release-osx-x86_64 0.1.1 NOTE
r-oldrel-windows-ix86+x86_64 0.1.1 2.00 32.00 34.00 OK
r-oldrel-osx-x86_64 0.1.1 NOTE

Check Details

Version: 0.1.1
Check: dependencies in R code
Result: NOTE
    Namespace in Imports field not imported from: ‘crayon’
     All declared Imports should be used.
Flavors: r-devel-linux-x86_64-fedora-clang, r-devel-linux-x86_64-fedora-gcc, r-patched-solaris-x86, r-release-osx-x86_64, r-oldrel-osx-x86_64