CRAN Package Check Results for Package colourvalues

Last updated on 2020-01-27 00:47:59 CET.

Flavor Version Tinstall Tcheck Ttotal Status Flags
r-devel-linux-x86_64-debian-clang 0.3.1 94.21 30.55 124.76 OK
r-devel-linux-x86_64-debian-gcc 0.3.2 97.01 24.22 121.23 OK
r-devel-linux-x86_64-fedora-clang 0.3.2 177.77 NOTE
r-devel-linux-x86_64-fedora-gcc 0.3.2 272.12 OK
r-devel-windows-ix86+x86_64 0.3.2 252.00 106.00 358.00 OK
r-devel-windows-ix86+x86_64-gcc8 0.3.1 261.00 86.00 347.00 NOTE
r-patched-linux-x86_64 0.3.2 106.91 28.42 135.33 OK
r-patched-solaris-x86 0.3.2 157.40 OK
r-release-linux-x86_64 0.3.2 107.07 28.25 135.32 OK
r-release-windows-ix86+x86_64 0.3.1 181.00 76.00 257.00 OK
r-release-osx-x86_64 0.3.1 NOTE
r-oldrel-windows-ix86+x86_64 0.3.2 277.00 146.00 423.00 OK
r-oldrel-osx-x86_64 0.3.1 NOTE

Check Details

Version: 0.3.2
Check: installed package size
Result: NOTE
     installed size is 8.6Mb
     sub-directories of 1Mb or more:
     libs 7.4Mb
Flavor: r-devel-linux-x86_64-fedora-clang

Version: 0.3.1
Check: installed package size
Result: NOTE
     installed size is 5.1Mb
     sub-directories of 1Mb or more:
     libs 3.9Mb
Flavors: r-devel-windows-ix86+x86_64-gcc8, r-release-osx-x86_64, r-oldrel-osx-x86_64