CRAN Package Check Results for Package coloc

Last updated on 2020-01-27 00:47:59 CET.

Flavor Version Tinstall Tcheck Ttotal Status Flags
r-devel-linux-x86_64-debian-clang 3.2-1 15.20 140.75 155.95 OK
r-devel-linux-x86_64-debian-gcc 3.2-1 14.26 105.37 119.63 OK
r-devel-linux-x86_64-fedora-clang 3.2-1 185.06 NOTE
r-devel-linux-x86_64-fedora-gcc 3.2-1 192.86 NOTE
r-devel-windows-ix86+x86_64 3.2-1 39.00 212.00 251.00 OK
r-devel-windows-ix86+x86_64-gcc8 3.2-1 56.00 207.00 263.00 OK
r-patched-linux-x86_64 3.2-1 12.72 121.28 134.00 OK
r-patched-solaris-x86 3.2-1 257.10 NOTE
r-release-linux-x86_64 3.2-1 11.54 121.76 133.30 OK
r-release-windows-ix86+x86_64 3.2-1 28.00 129.00 157.00 OK
r-release-osx-x86_64 3.2-1 NOTE
r-oldrel-windows-ix86+x86_64 3.2-1 17.00 128.00 145.00 OK
r-oldrel-osx-x86_64 3.2-1 NOTE

Check Details

Version: 3.2-1
Check: dependencies in R code
Result: NOTE
    Namespace in Imports field not imported from: ‘data.table’
     All declared Imports should be used.
Flavors: r-devel-linux-x86_64-fedora-clang, r-devel-linux-x86_64-fedora-gcc, r-patched-solaris-x86, r-release-osx-x86_64, r-oldrel-osx-x86_64