CRAN Package Check Results for Package coin

Last updated on 2020-01-27 00:47:59 CET.

Flavor Version Tinstall Tcheck Ttotal Status Flags
r-devel-linux-x86_64-debian-clang 1.3-1 16.85 315.66 332.51 OK
r-devel-linux-x86_64-debian-gcc 1.3-1 13.07 246.16 259.23 OK
r-devel-linux-x86_64-fedora-clang 1.3-1 383.07 OK
r-devel-linux-x86_64-fedora-gcc 1.3-1 367.54 OK
r-devel-windows-ix86+x86_64 1.3-1 41.00 637.00 678.00 OK
r-devel-windows-ix86+x86_64-gcc8 1.3-1 45.00 606.00 651.00 OK
r-patched-linux-x86_64 1.3-1 14.79 283.12 297.91 OK
r-patched-solaris-x86 1.3-1 561.60 OK
r-release-linux-x86_64 1.3-1 15.16 282.95 298.11 OK
r-release-windows-ix86+x86_64 1.3-1 29.00 452.00 481.00 OK
r-release-osx-x86_64 1.3-1 OK
r-oldrel-windows-ix86+x86_64 1.3-1 20.00 425.00 445.00 WARN
r-oldrel-osx-x86_64 1.3-1 WARN

Check Details

Version: 1.3-1
Check: package subdirectories
Result: WARN
    Problems with news in 'inst/NEWS.Rd':
     inst/NEWS.Rd:833: unknown macro '\proglang'
     inst/NEWS.Rd:893: unknown macro '\proglang'
     inst/NEWS.Rd:1034: unknown macro '\proglang'
     inst/NEWS.Rd:1050: unknown macro '\proglang'
     inst/NEWS.Rd:1052: unknown macro '\proglang'
     inst/NEWS.Rd:1057: unknown macro '\proglang'
Flavors: r-oldrel-windows-ix86+x86_64, r-oldrel-osx-x86_64