CRAN Package Check Results for Package cocktailApp

Last updated on 2020-01-27 00:47:59 CET.

Flavor Version Tinstall Tcheck Ttotal Status Flags
r-devel-linux-x86_64-debian-clang 0.2.1 6.31 67.11 73.42 OK
r-devel-linux-x86_64-debian-gcc 0.2.1 5.15 50.97 56.12 OK
r-devel-linux-x86_64-fedora-clang 0.2.1 88.07 NOTE
r-devel-linux-x86_64-fedora-gcc 0.2.1 84.73 NOTE
r-devel-windows-ix86+x86_64 0.2.1 41.00 136.00 177.00 OK
r-devel-windows-ix86+x86_64-gcc8 0.2.1 35.00 88.00 123.00 OK
r-patched-linux-x86_64 0.2.1 5.98 58.88 64.86 OK
r-patched-solaris-x86 0.2.1 120.00 NOTE
r-release-linux-x86_64 0.2.1 5.11 58.27 63.38 OK
r-release-windows-ix86+x86_64 0.2.1 18.00 76.00 94.00 OK
r-release-osx-x86_64 0.2.1 NOTE
r-oldrel-windows-ix86+x86_64 0.2.1 10.00 75.00 85.00 OK
r-oldrel-osx-x86_64 0.2.1 NOTE

Check Details

Version: 0.2.1
Check: data for non-ASCII characters
Result: NOTE
     Note: found 14661 marked UTF-8 strings
Flavors: r-devel-linux-x86_64-fedora-clang, r-devel-linux-x86_64-fedora-gcc, r-patched-solaris-x86, r-release-osx-x86_64, r-oldrel-osx-x86_64