CRAN Package Check Results for Package cmenet

Last updated on 2020-01-27 00:47:59 CET.

Flavor Version Tinstall Tcheck Ttotal Status Flags
r-devel-linux-x86_64-debian-clang 0.1.1 37.88 59.03 96.91 OK
r-devel-linux-x86_64-debian-gcc 0.1.1 28.41 46.71 75.12 OK
r-devel-linux-x86_64-fedora-clang 0.1.1 129.23 NOTE
r-devel-linux-x86_64-fedora-gcc 0.1.1 123.88 NOTE
r-devel-windows-ix86+x86_64 0.1.1 101.00 138.00 239.00 OK
r-devel-windows-ix86+x86_64-gcc8 0.1.1 106.00 106.00 212.00 OK
r-patched-linux-x86_64 0.1.1 32.15 52.85 85.00 OK
r-patched-solaris-x86 0.1.1 142.50 NOTE
r-release-linux-x86_64 0.1.1 31.24 54.11 85.35 OK
r-release-windows-ix86+x86_64 0.1.1 73.00 90.00 163.00 OK
r-release-osx-x86_64 0.1.1 NOTE
r-oldrel-windows-ix86+x86_64 0.1.1 63.00 85.00 148.00 OK
r-oldrel-osx-x86_64 0.1.1 NOTE

Check Details

Version: 0.1.1
Check: dependencies in R code
Result: NOTE
    Namespace in Imports field not imported from: ‘MASS’
     All declared Imports should be used.
Flavors: r-devel-linux-x86_64-fedora-clang, r-devel-linux-x86_64-fedora-gcc, r-patched-solaris-x86, r-release-osx-x86_64, r-oldrel-osx-x86_64