CRAN Package Check Results for Package clustDRM

Last updated on 2020-01-27 00:47:59 CET.

Flavor Version Tinstall Tcheck Ttotal Status Flags
r-devel-linux-x86_64-debian-clang 0.1-0 22.93 157.90 180.83 OK
r-devel-linux-x86_64-debian-gcc 0.1-0 19.10 121.06 140.16 OK
r-devel-linux-x86_64-fedora-clang 0.1-0 219.31 NOTE
r-devel-linux-x86_64-fedora-gcc 0.1-0 226.88 NOTE
r-devel-windows-ix86+x86_64 0.1-0 76.00 230.00 306.00 OK
r-devel-windows-ix86+x86_64-gcc8 0.1-0 87.00 154.00 241.00 OK
r-patched-linux-x86_64 0.1-0 19.37 140.62 159.99 OK
r-patched-solaris-x86 0.1-0 322.60 NOTE
r-release-linux-x86_64 0.1-0 21.03 140.60 161.63 OK
r-release-windows-ix86+x86_64 0.1-0 40.00 141.00 181.00 OK
r-release-osx-x86_64 0.1-0 ERROR
r-oldrel-windows-ix86+x86_64 0.1-0 28.00 136.00 164.00 OK
r-oldrel-osx-x86_64 0.1-0 ERROR

Check Details

Version: 0.1-0
Check: dependencies in R code
Result: NOTE
    Namespace in Imports field not imported from: ‘DT’
     All declared Imports should be used.
Flavors: r-devel-linux-x86_64-fedora-clang, r-devel-linux-x86_64-fedora-gcc, r-patched-solaris-x86

Version: 0.1-0
Check: package dependencies
Result: ERROR
    Package required but not available: ‘IsoGene’
    
    See section ‘The DESCRIPTION file’ in the ‘Writing R Extensions’
    manual.
Flavors: r-release-osx-x86_64, r-oldrel-osx-x86_64