CRAN Package Check Results for Package clickstream

Last updated on 2020-01-27 00:47:59 CET.

Flavor Version Tinstall Tcheck Ttotal Status Flags
r-devel-linux-x86_64-debian-clang 1.3.0 13.43 123.89 137.32 NOTE
r-devel-linux-x86_64-debian-gcc 1.3.0 12.22 107.29 119.51 NOTE
r-devel-linux-x86_64-fedora-clang 1.3.0 153.79 NOTE
r-devel-linux-x86_64-fedora-gcc 1.3.0 145.69 NOTE
r-devel-windows-ix86+x86_64 1.3.0 29.00 176.00 205.00 OK
r-devel-windows-ix86+x86_64-gcc8 1.3.0 42.00 133.00 175.00 OK
r-patched-linux-x86_64 1.3.0 12.42 106.54 118.96 OK
r-patched-solaris-x86 1.3.0 212.70 OK
r-release-linux-x86_64 1.3.0 12.19 105.30 117.49 OK
r-release-windows-ix86+x86_64 1.3.0 21.00 114.00 135.00 OK
r-release-osx-x86_64 1.3.0 OK
r-oldrel-windows-ix86+x86_64 1.3.0 18.00 112.00 130.00 OK
r-oldrel-osx-x86_64 1.3.0 OK

Check Details

Version: 1.3.0
Check: for non-standard things in the check directory
Result: NOTE
    Found the following files/directories:
     'clickstreams.csv'
Flavors: r-devel-linux-x86_64-debian-clang, r-devel-linux-x86_64-debian-gcc, r-devel-linux-x86_64-fedora-clang, r-devel-linux-x86_64-fedora-gcc