CRAN Package Check Results for Package cld2

Last updated on 2020-01-27 00:47:59 CET.

Flavor Version Tinstall Tcheck Ttotal Status Flags
r-devel-linux-x86_64-debian-clang 1.2 34.05 25.93 59.98 OK
r-devel-linux-x86_64-debian-gcc 1.2 21.93 21.10 43.03 OK
r-devel-linux-x86_64-fedora-clang 1.2 84.99 OK
r-devel-linux-x86_64-fedora-gcc 1.2 74.75 OK
r-devel-windows-ix86+x86_64 1.2 102.00 84.00 186.00 OK
r-devel-windows-ix86+x86_64-gcc8 1.2 91.00 72.00 163.00 NOTE
r-patched-linux-x86_64 1.2 26.51 24.56 51.07 OK
r-patched-solaris-x86 1.2 84.60 OK
r-release-linux-x86_64 1.2 26.85 24.28 51.13 OK
r-release-windows-ix86+x86_64 1.2 74.00 54.00 128.00 OK
r-release-osx-x86_64 1.2 OK
r-oldrel-windows-ix86+x86_64 1.2 74.00 54.00 128.00 OK
r-oldrel-osx-x86_64 1.2 OK

Additional issues

clang-UBSAN gcc-UBSAN

Check Details

Version: 1.2
Check: installed package size
Result: NOTE
     installed size is 5.4Mb
     sub-directories of 1Mb or more:
     libs 5.4Mb
Flavor: r-devel-windows-ix86+x86_64-gcc8