CRAN Package Check Results for Package classifly

Last updated on 2020-01-27 00:47:59 CET.

Flavor Version Tinstall Tcheck Ttotal Status Flags
r-devel-linux-x86_64-debian-clang 0.4 2.18 28.21 30.39 NOTE
r-devel-linux-x86_64-debian-gcc 0.4 1.83 22.11 23.94 NOTE
r-devel-linux-x86_64-fedora-clang 0.4 36.64 NOTE
r-devel-linux-x86_64-fedora-gcc 0.4 36.37 NOTE
r-devel-windows-ix86+x86_64 0.4 11.00 60.00 71.00 NOTE
r-devel-windows-ix86+x86_64-gcc8 0.4 10.00 56.00 66.00 NOTE
r-patched-linux-x86_64 0.4 1.72 26.14 27.86 NOTE
r-patched-solaris-x86 0.4 51.70 NOTE
r-release-linux-x86_64 0.4 1.73 26.69 28.42 NOTE
r-release-windows-ix86+x86_64 0.4 5.00 41.00 46.00 NOTE
r-release-osx-x86_64 0.4 NOTE
r-oldrel-windows-ix86+x86_64 0.4 3.00 56.00 59.00 NOTE
r-oldrel-osx-x86_64 0.4 NOTE

Check Details

Version: 0.4
Check: dependencies in R code
Result: NOTE
    'library' or 'require' call to 'rggobi' in package code.
     Please use :: or requireNamespace() instead.
     See section 'Suggested packages' in the 'Writing R Extensions' manual.
Flavors: r-devel-linux-x86_64-debian-clang, r-devel-linux-x86_64-debian-gcc, r-devel-linux-x86_64-fedora-clang, r-devel-linux-x86_64-fedora-gcc, r-devel-windows-ix86+x86_64, r-devel-windows-ix86+x86_64-gcc8, r-patched-linux-x86_64, r-patched-solaris-x86, r-release-linux-x86_64, r-release-windows-ix86+x86_64, r-release-osx-x86_64, r-oldrel-windows-ix86+x86_64, r-oldrel-osx-x86_64

Version: 0.4
Check: R code for possible problems
Result: NOTE
    generate_data : <anonymous>: no visible global function definition for
     'runif'
    knnf: no visible global function definition for 'terms'
    rescaler.default: no visible global function definition for 'sd'
    rescaler.default: no visible global function definition for 'median'
    rescaler.default: no visible global function definition for 'mad'
    simvar.numeric: no visible global function definition for 'runif'
    Undefined global functions or variables:
     mad median runif sd terms
    Consider adding
     importFrom("stats", "mad", "median", "runif", "sd", "terms")
    to your NAMESPACE file.
Flavors: r-devel-linux-x86_64-debian-clang, r-devel-linux-x86_64-debian-gcc, r-devel-linux-x86_64-fedora-clang, r-devel-linux-x86_64-fedora-gcc, r-devel-windows-ix86+x86_64, r-devel-windows-ix86+x86_64-gcc8, r-patched-linux-x86_64, r-patched-solaris-x86, r-release-linux-x86_64, r-release-windows-ix86+x86_64, r-release-osx-x86_64, r-oldrel-windows-ix86+x86_64, r-oldrel-osx-x86_64

Version: 0.4
Check: package dependencies
Result: NOTE
    Package suggested but not available for checking: ‘rggobi’
Flavors: r-patched-solaris-x86, r-release-osx-x86_64, r-oldrel-osx-x86_64