CRAN Package Check Results for Package classifierplots

Last updated on 2020-01-27 00:47:59 CET.

Flavor Version Tinstall Tcheck Ttotal Status Flags
r-devel-linux-x86_64-debian-clang 1.3.3 13.44 101.69 115.13 OK
r-devel-linux-x86_64-debian-gcc 1.3.3 10.76 78.67 89.43 OK
r-devel-linux-x86_64-fedora-clang 1.3.3 136.54 NOTE
r-devel-linux-x86_64-fedora-gcc 1.3.3 133.49 NOTE
r-devel-windows-ix86+x86_64 1.3.3 53.00 156.00 209.00 OK
r-devel-windows-ix86+x86_64-gcc8 1.3.3 58.00 110.00 168.00 OK
r-patched-linux-x86_64 1.3.3 11.33 89.52 100.85 OK
r-patched-solaris-x86 1.3.3 197.60 NOTE
r-release-linux-x86_64 1.3.3 13.63 89.81 103.44 OK
r-release-windows-ix86+x86_64 1.3.3 27.00 92.00 119.00 OK
r-release-osx-x86_64 1.3.3 NOTE
r-oldrel-windows-ix86+x86_64 1.3.3 16.00 96.00 112.00 OK
r-oldrel-osx-x86_64 1.3.3 NOTE

Check Details

Version: 1.3.3
Check: dependencies in R code
Result: NOTE
    Namespace in Imports field not imported from: ‘Rcpp’
     All declared Imports should be used.
Flavors: r-devel-linux-x86_64-fedora-clang, r-devel-linux-x86_64-fedora-gcc, r-patched-solaris-x86, r-release-osx-x86_64, r-oldrel-osx-x86_64