CRAN Package Check Results for Package cjoint

Last updated on 2020-01-27 00:47:59 CET.

Flavor Version Tinstall Tcheck Ttotal Status Flags
r-devel-linux-x86_64-debian-clang 2.1.0 16.20 131.68 147.88 OK
r-devel-linux-x86_64-debian-gcc 2.1.0 12.33 100.26 112.59 OK
r-devel-linux-x86_64-fedora-clang 2.1.0 171.52 NOTE
r-devel-linux-x86_64-fedora-gcc 2.1.0 183.23 NOTE
r-devel-windows-ix86+x86_64 2.1.0 53.00 196.00 249.00 OK
r-devel-windows-ix86+x86_64-gcc8 2.1.0 39.00 196.00 235.00 OK
r-patched-linux-x86_64 2.1.0 13.65 116.52 130.17 OK
r-patched-solaris-x86 2.1.0 278.30 NOTE
r-release-linux-x86_64 2.1.0 13.45 113.28 126.73 OK
r-release-windows-ix86+x86_64 2.1.0 20.00 128.00 148.00 OK
r-release-osx-x86_64 2.1.0 NOTE
r-oldrel-windows-ix86+x86_64 2.1.0 17.00 123.00 140.00 OK
r-oldrel-osx-x86_64 2.1.0 NOTE

Check Details

Version: 2.1.0
Check: dependencies in R code
Result: NOTE
    Namespace in Imports field not imported from: ‘shinyBS’
     All declared Imports should be used.
Flavors: r-devel-linux-x86_64-fedora-clang, r-devel-linux-x86_64-fedora-gcc, r-patched-solaris-x86, r-release-osx-x86_64, r-oldrel-osx-x86_64

Version: 2.1.0
Check: data for non-ASCII characters
Result: NOTE
     Note: found 29 marked UTF-8 strings
Flavors: r-devel-linux-x86_64-fedora-clang, r-devel-linux-x86_64-fedora-gcc, r-patched-solaris-x86, r-release-osx-x86_64, r-oldrel-osx-x86_64