Last updated on 2020-01-27 00:47:59 CET.
Flavor | Version | Tinstall | Tcheck | Ttotal | Status | Flags |
---|---|---|---|---|---|---|
r-devel-linux-x86_64-debian-clang | 0.2.0 | 12.16 | 131.92 | 144.08 | OK | |
r-devel-linux-x86_64-debian-gcc | 0.2.0 | 10.06 | 99.05 | 109.11 | OK | |
r-devel-linux-x86_64-fedora-clang | 0.2.0 | 174.63 | NOTE | |||
r-devel-linux-x86_64-fedora-gcc | 0.2.0 | 167.79 | NOTE | |||
r-devel-windows-ix86+x86_64 | 0.2.0 | 39.00 | 191.00 | 230.00 | OK | |
r-devel-windows-ix86+x86_64-gcc8 | 0.2.0 | 44.00 | 193.00 | 237.00 | OK | |
r-patched-linux-x86_64 | 0.2.0 | 10.37 | 112.78 | 123.15 | OK | |
r-patched-solaris-x86 | 0.2.0 | 247.20 | NOTE | |||
r-release-linux-x86_64 | 0.2.0 | 9.61 | 113.81 | 123.42 | OK | |
r-release-windows-ix86+x86_64 | 0.2.0 | 25.00 | 117.00 | 142.00 | OK | |
r-release-osx-x86_64 | 0.2.0 | NOTE | ||||
r-oldrel-windows-ix86+x86_64 | 0.2.0 | 14.00 | 121.00 | 135.00 | OK | |
r-oldrel-osx-x86_64 | 0.2.0 | NOTE |
Version: 0.2.0
Check: dependencies in R code
Result: NOTE
Namespaces in Imports field not imported from:
‘MASS’ ‘scales’ ‘tidyselect’
All declared Imports should be used.
Flavors: r-devel-linux-x86_64-fedora-clang, r-devel-linux-x86_64-fedora-gcc, r-patched-solaris-x86, r-release-osx-x86_64, r-oldrel-osx-x86_64