Last updated on 2020-01-27 00:47:59 CET.
Flavor | Version | Tinstall | Tcheck | Ttotal | Status | Flags |
---|---|---|---|---|---|---|
r-devel-linux-x86_64-debian-clang | 0.6-13 | 9.64 | 97.47 | 107.11 | OK | |
r-devel-linux-x86_64-debian-gcc | 0.6-13 | 8.65 | 74.84 | 83.49 | OK | |
r-devel-linux-x86_64-fedora-clang | 0.6-13 | 132.36 | OK | |||
r-devel-linux-x86_64-fedora-gcc | 0.6-13 | 131.38 | OK | |||
r-devel-windows-ix86+x86_64 | 0.6-13 | 27.00 | 152.00 | 179.00 | OK | |
r-devel-windows-ix86+x86_64-gcc8 | 0.6-13 | 27.00 | 146.00 | 173.00 | OK | |
r-patched-linux-x86_64 | 0.6-13 | 9.65 | 86.98 | 96.63 | OK | |
r-patched-solaris-x86 | 0.6-13 | 168.80 | OK | |||
r-release-linux-x86_64 | 0.6-13 | 8.62 | 85.63 | 94.25 | OK | |
r-release-windows-ix86+x86_64 | 0.6-13 | 13.00 | 101.00 | 114.00 | OK | |
r-release-osx-x86_64 | 0.6-13 | NOTE | ||||
r-oldrel-windows-ix86+x86_64 | 0.6-13 | 11.00 | 137.00 | 148.00 | OK | |
r-oldrel-osx-x86_64 | 0.6-13 | OK |
Version: 0.6-13
Check: package dependencies
Result: NOTE
Package suggested but not available for checking: ‘multtest’
Flavor: r-release-osx-x86_64