CRAN Package Check Results for Package chemmodlab

Last updated on 2020-01-27 00:47:59 CET.

Flavor Version Tinstall Tcheck Ttotal Status Flags
r-devel-linux-x86_64-debian-clang 1.0.0 4.10 43.53 47.63 OK
r-devel-linux-x86_64-debian-gcc 1.0.0 4.31 34.08 38.39 OK
r-devel-linux-x86_64-fedora-clang 1.0.0 60.68 NOTE
r-devel-linux-x86_64-fedora-gcc 1.0.0 56.27 NOTE
r-devel-windows-ix86+x86_64 1.0.0 20.00 74.00 94.00 OK
r-devel-windows-ix86+x86_64-gcc8 1.0.0 19.00 79.00 98.00 OK
r-patched-linux-x86_64 1.0.0 3.34 39.52 42.86 OK
r-patched-solaris-x86 1.0.0 78.30 NOTE
r-release-linux-x86_64 1.0.0 4.70 38.78 43.48 OK
r-release-windows-ix86+x86_64 1.0.0 8.00 48.00 56.00 OK
r-release-osx-x86_64 1.0.0 NOTE
r-oldrel-windows-ix86+x86_64 1.0.0 6.00 50.00 56.00 OK
r-oldrel-osx-x86_64 1.0.0 NOTE

Check Details

Version: 1.0.0
Check: dependencies in R code
Result: NOTE
    Namespaces in Imports field not imported from:
     ‘datasets’ ‘foreach’
     All declared Imports should be used.
Flavors: r-devel-linux-x86_64-fedora-clang, r-devel-linux-x86_64-fedora-gcc, r-patched-solaris-x86, r-release-osx-x86_64, r-oldrel-osx-x86_64