CRAN Package Check Results for Package cg

Last updated on 2020-01-27 00:47:59 CET.

Flavor Version Tinstall Tcheck Ttotal Status Flags
r-devel-linux-x86_64-debian-clang 1.0-3 39.66 205.55 245.21 OK
r-devel-linux-x86_64-debian-gcc 1.0-3 30.16 151.53 181.69 OK
r-devel-linux-x86_64-fedora-clang 1.0-3 291.96 NOTE
r-devel-linux-x86_64-fedora-gcc 1.0-3 287.13 NOTE
r-devel-windows-ix86+x86_64 1.0-3 96.00 313.00 409.00 OK
r-devel-windows-ix86+x86_64-gcc8 1.0-3 106.00 242.00 348.00 OK
r-patched-linux-x86_64 1.0-3 28.78 175.62 204.40 OK
r-patched-solaris-x86 1.0-3 353.80 NOTE
r-release-linux-x86_64 1.0-3 31.58 178.22 209.80 OK
r-release-windows-ix86+x86_64 1.0-3 49.00 216.00 265.00 OK
r-release-osx-x86_64 1.0-3 NOTE
r-oldrel-windows-ix86+x86_64 1.0-3 43.00 187.00 230.00 OK
r-oldrel-osx-x86_64 1.0-3 NOTE

Check Details

Version: 1.0-3
Check: dependencies in R code
Result: NOTE
    Namespace in Imports field not imported from: ‘grDevices’
     All declared Imports should be used.
Flavors: r-devel-linux-x86_64-fedora-clang, r-devel-linux-x86_64-fedora-gcc, r-patched-solaris-x86, r-release-osx-x86_64, r-oldrel-osx-x86_64