Last updated on 2020-01-27 00:47:59 CET.
Flavor | Version | Tinstall | Tcheck | Ttotal | Status | Flags |
---|---|---|---|---|---|---|
r-devel-linux-x86_64-debian-clang | 0.3.1 | 5.34 | 320.51 | 325.85 | OK | |
r-devel-linux-x86_64-debian-gcc | 0.3.1 | 4.45 | 260.90 | 265.35 | OK | |
r-devel-linux-x86_64-fedora-clang | 0.3.1 | 388.90 | NOTE | |||
r-devel-linux-x86_64-fedora-gcc | 0.3.1 | 376.01 | NOTE | |||
r-devel-windows-ix86+x86_64 | 0.3.1 | 15.00 | 592.00 | 607.00 | OK | |
r-devel-windows-ix86+x86_64-gcc8 | 0.3.1 | 23.00 | 617.00 | 640.00 | OK | |
r-patched-linux-x86_64 | 0.3.1 | 4.30 | 288.40 | 292.70 | OK | |
r-patched-solaris-x86 | 0.3.1 | 778.70 | NOTE | |||
r-release-linux-x86_64 | 0.3.1 | 4.43 | 286.11 | 290.54 | OK | |
r-release-windows-ix86+x86_64 | 0.3.1 | 10.00 | 492.00 | 502.00 | OK | |
r-release-osx-x86_64 | 0.3.1 | FAIL | ||||
r-oldrel-windows-ix86+x86_64 | 0.3.1 | 8.00 | 500.00 | 508.00 | OK | |
r-oldrel-osx-x86_64 | 0.3.1 | NOTE |
Version: 0.3.1
Check: dependencies in R code
Result: NOTE
Namespace in Imports field not imported from: ‘knitr’
All declared Imports should be used.
Flavors: r-devel-linux-x86_64-fedora-clang, r-devel-linux-x86_64-fedora-gcc, r-patched-solaris-x86, r-release-osx-x86_64, r-oldrel-osx-x86_64
Version: 0.3.1
Check: installed package size
Result: NOTE
installed size is 5.3Mb
sub-directories of 1Mb or more:
doc 5.1Mb
Flavor: r-patched-solaris-x86
Version: 0.3.1
Check: re-building of vignette outputs
Result: FAIL
Flavor: r-release-osx-x86_64