CRAN Package Check Results for Package catdata

Last updated on 2020-01-27 00:47:59 CET.

Flavor Version Tinstall Tcheck Ttotal Status Flags
r-devel-linux-x86_64-debian-clang 1.2.1 2.60 319.63 322.23 NOTE
r-devel-linux-x86_64-debian-gcc 1.2.1 1.98 243.69 245.67 NOTE
r-devel-linux-x86_64-fedora-clang 1.2.1 402.43 NOTE
r-devel-linux-x86_64-fedora-gcc 1.2.1 412.75 NOTE
r-devel-windows-ix86+x86_64 1.2.1 8.00 506.00 514.00 OK
r-devel-windows-ix86+x86_64-gcc8 1.2.1 9.00 257.00 266.00 NOTE
r-patched-linux-x86_64 1.2.1 2.01 278.21 280.22 NOTE
r-patched-solaris-x86 1.2.1 206.80 NOTE
r-release-linux-x86_64 1.2.1 2.09 279.40 281.49 NOTE
r-release-windows-ix86+x86_64 1.2.1 6.00 178.00 184.00 OK
r-release-osx-x86_64 1.2.1 NOTE
r-oldrel-windows-ix86+x86_64 1.2.1 5.00 154.00 159.00 OK
r-oldrel-osx-x86_64 1.2.1 OK

Check Details

Version: 1.2.1
Check: package dependencies
Result: NOTE
    Package suggested but not available for checking: 'lqa'
Flavors: r-devel-linux-x86_64-debian-clang, r-devel-linux-x86_64-debian-gcc, r-devel-linux-x86_64-fedora-clang, r-devel-linux-x86_64-fedora-gcc, r-devel-windows-ix86+x86_64-gcc8, r-patched-linux-x86_64, r-patched-solaris-x86, r-release-linux-x86_64, r-release-osx-x86_64