CRAN Package Check Results for Package caret

Last updated on 2020-01-27 00:47:59 CET.

Flavor Version Tinstall Tcheck Ttotal Status Flags
r-devel-linux-x86_64-debian-clang 6.0-85 36.77 571.26 608.03 OK
r-devel-linux-x86_64-debian-gcc 6.0-85 32.93 440.40 473.33 OK
r-devel-linux-x86_64-fedora-clang 6.0-85 702.88 NOTE
r-devel-linux-x86_64-fedora-gcc 6.0-85 703.70 OK
r-devel-windows-ix86+x86_64 6.0-85 98.00 1100.00 1198.00 NOTE --no-vignettes
r-devel-windows-ix86+x86_64-gcc8 6.0-85 100.00 1124.00 1224.00 NOTE --no-vignettes
r-patched-linux-x86_64 6.0-85 31.18 505.08 536.26 OK
r-patched-solaris-x86 6.0-85 930.70 NOTE
r-release-linux-x86_64 6.0-85 32.83 507.62 540.45 OK
r-release-windows-ix86+x86_64 6.0-85 48.00 1252.00 1300.00 NOTE --no-vignettes
r-release-osx-x86_64 6.0-85 NOTE
r-oldrel-windows-ix86+x86_64 6.0-85 42.00 980.00 1022.00 NOTE --no-vignettes
r-oldrel-osx-x86_64 6.0-85 NOTE

Check Details

Version: 6.0-85
Check: installed package size
Result: NOTE
     installed size is 6.7Mb
     sub-directories of 1Mb or more:
     R 1.1Mb
     data 1.5Mb
     models 2.4Mb
Flavors: r-devel-linux-x86_64-fedora-clang, r-patched-solaris-x86, r-release-osx-x86_64, r-oldrel-osx-x86_64

Version: 6.0-85
Flags: --no-vignettes
Check: installed package size
Result: NOTE
     installed size is 6.6Mb
     sub-directories of 1Mb or more:
     R 1.1Mb
     data 1.5Mb
     models 2.4Mb
Flavors: r-devel-windows-ix86+x86_64, r-devel-windows-ix86+x86_64-gcc8, r-release-windows-ix86+x86_64, r-oldrel-windows-ix86+x86_64