CRAN Package Check Results for Package carat

Last updated on 2020-01-27 00:47:59 CET.

Flavor Version Tinstall Tcheck Ttotal Status Flags
r-devel-linux-x86_64-debian-clang 0.1.0 84.19 60.66 144.85 OK
r-devel-linux-x86_64-debian-gcc 0.1.0 54.96 46.30 101.26 OK
r-devel-linux-x86_64-fedora-clang 0.1.0 189.44 NOTE
r-devel-linux-x86_64-fedora-gcc 0.1.0 175.57 OK
r-devel-windows-ix86+x86_64 0.1.0 127.00 150.00 277.00 OK
r-devel-windows-ix86+x86_64-gcc8 0.1.0 175.00 148.00 323.00 OK
r-patched-linux-x86_64 0.1.0 53.55 53.72 107.27 OK
r-patched-solaris-x86 0.1.0 163.40 OK
r-release-linux-x86_64 0.1.0 58.07 53.62 111.69 OK
r-release-windows-ix86+x86_64 0.1.0 124.00 98.00 222.00 OK
r-release-osx-x86_64 0.1.0 NOTE
r-oldrel-osx-x86_64 0.1.0 ERROR

Additional issues

noLD

Check Details

Version: 0.1.0
Check: installed package size
Result: NOTE
     installed size is 9.7Mb
     sub-directories of 1Mb or more:
     libs 9.3Mb
Flavors: r-devel-linux-x86_64-fedora-clang, r-release-osx-x86_64

Version: 0.1.0
Check: whether package can be installed
Result: ERROR
    Installation failed.
Flavor: r-oldrel-osx-x86_64