CRAN Package Check Results for Package callr

Last updated on 2020-01-27 00:47:58 CET.

Flavor Version Tinstall Tcheck Ttotal Status Flags
r-devel-linux-x86_64-debian-clang 3.4.0 6.79 128.31 135.10 OK
r-devel-linux-x86_64-debian-gcc 3.4.1 6.01 104.35 110.36 OK
r-devel-linux-x86_64-fedora-clang 3.4.1 152.40 OK
r-devel-linux-x86_64-fedora-gcc 3.4.1 151.46 OK
r-devel-windows-ix86+x86_64 3.4.1 18.00 219.00 237.00 OK
r-devel-windows-ix86+x86_64-gcc8 3.4.0 16.00 271.00 287.00 OK
r-patched-linux-x86_64 3.4.0 6.14 121.71 127.85 OK
r-patched-solaris-x86 3.4.1 53.40 OK
r-release-linux-x86_64 3.4.1 5.85 114.24 120.09 OK
r-release-windows-ix86+x86_64 3.4.0 11.00 145.00 156.00 OK
r-release-osx-x86_64 3.4.0 WARN
r-oldrel-windows-ix86+x86_64 3.4.1 14.00 296.00 310.00 OK
r-oldrel-osx-x86_64 3.4.0 WARN

Check Details

Version: 3.4.0
Check: re-building of vignette outputs
Result: WARN
    Error(s) in re-building vignettes:
     ...
    --- re-building ‘Task-queue-with-callr.Rmd’ using rmarkdown
    Warning in engine$weave(file, quiet = quiet, encoding = enc) :
     Pandoc (>= 1.12.3) and/or pandoc-citeproc not available. Falling back to R Markdown v1.
    Quitting from lines 17-23 (Task-queue-with-callr.Rmd)
    Error: processing vignette 'Task-queue-with-callr.Rmd' failed with diagnostics:
    argument is of length zero
    --- failed re-building ‘Task-queue-with-callr.Rmd’
    
    SUMMARY: processing the following file failed:
     ‘Task-queue-with-callr.Rmd’
    
    Error: Vignette re-building failed.
    Execution halted
Flavor: r-release-osx-x86_64

Version: 3.4.0
Check: re-building of vignette outputs
Result: WARN
    Error in re-building vignettes:
     ...
    Warning in engine$weave(file, quiet = quiet, encoding = enc) :
     Pandoc (>= 1.12.3) and/or pandoc-citeproc not available. Falling back to R Markdown v1.
    Quitting from lines 17-23 (Task-queue-with-callr.Rmd)
    Error: processing vignette 'Task-queue-with-callr.Rmd' failed with diagnostics:
    argument is of length zero
    Execution halted
Flavor: r-oldrel-osx-x86_64