Last updated on 2020-01-27 00:47:59 CET.
Flavor | Version | Tinstall | Tcheck | Ttotal | Status | Flags |
---|---|---|---|---|---|---|
r-devel-linux-x86_64-debian-clang | 1.18.0 | 6.47 | 31.78 | 38.25 | OK | |
r-devel-linux-x86_64-debian-gcc | 1.18.0 | 4.57 | 25.08 | 29.65 | OK | |
r-devel-linux-x86_64-fedora-clang | 1.18.0 | 47.15 | OK | |||
r-devel-linux-x86_64-fedora-gcc | 1.18.0 | 45.10 | OK | |||
r-devel-windows-ix86+x86_64 | 1.18.0 | 22.00 | 85.00 | 107.00 | OK | |
r-devel-windows-ix86+x86_64-gcc8 | 1.18.0 | 20.00 | 90.00 | 110.00 | OK | |
r-patched-linux-x86_64 | 1.18.0 | 4.62 | 29.65 | 34.27 | OK | |
r-patched-solaris-x86 | 1.18.0 | 63.30 | OK | |||
r-release-linux-x86_64 | 1.18.0 | 4.67 | 29.66 | 34.33 | OK | |
r-release-windows-ix86+x86_64 | 1.18.0 | 1.00 | 6.00 | 7.00 | ERROR | |
r-release-osx-x86_64 | 1.18.0 | OK | ||||
r-oldrel-windows-ix86+x86_64 | 1.17.1.4 | 17.00 | 78.00 | 95.00 | OK | |
r-oldrel-osx-x86_64 | 1.18.0 | ERROR |
Version: 1.18.0
Check: whether package can be installed
Result: ERROR
Installation failed.
Flavors: r-release-windows-ix86+x86_64, r-oldrel-osx-x86_64