CRAN Package Check Results for Package bssm

Last updated on 2020-01-27 00:47:58 CET.

Flavor Version Tinstall Tcheck Ttotal Status Flags
r-devel-linux-x86_64-debian-clang 0.1.8-1 705.65 326.51 1032.16 OK
r-devel-linux-x86_64-debian-gcc 0.1.8-1 466.44 215.59 682.03 OK
r-devel-linux-x86_64-fedora-clang 0.1.8-1 1394.84 NOTE
r-devel-linux-x86_64-fedora-gcc 0.1.8-1 1322.31 OK
r-devel-windows-ix86+x86_64 0.1.8-1 1381.00 546.00 1927.00 NOTE
r-devel-windows-ix86+x86_64-gcc8 0.1.8-1 1822.00 513.00 2335.00 NOTE
r-patched-linux-x86_64 0.1.8-1 530.22 307.26 837.48 OK
r-patched-solaris-x86 0.1.8-1 1304.20 NOTE
r-release-linux-x86_64 0.1.8-1 534.92 302.91 837.83 OK
r-release-windows-ix86+x86_64 0.1.8-1 1206.00 412.00 1618.00 NOTE
r-release-osx-x86_64 0.1.8-1 NOTE
r-oldrel-windows-ix86+x86_64 0.1.8-1 1173.00 404.00 1577.00 NOTE
r-oldrel-osx-x86_64 0.1.8-1 NOTE

Check Details

Version: 0.1.8-1
Check: installed package size
Result: NOTE
     installed size is 37.6Mb
     sub-directories of 1Mb or more:
     doc 1.7Mb
     libs 35.4Mb
Flavors: r-devel-linux-x86_64-fedora-clang, r-devel-windows-ix86+x86_64, r-devel-windows-ix86+x86_64-gcc8, r-patched-solaris-x86, r-release-windows-ix86+x86_64, r-release-osx-x86_64, r-oldrel-windows-ix86+x86_64, r-oldrel-osx-x86_64