CRAN Package Check Results for Package brotli

Last updated on 2020-01-27 00:47:58 CET.

Flavor Version Tinstall Tcheck Ttotal Status Flags
r-devel-linux-x86_64-debian-clang 1.2 44.51 35.11 79.62 OK
r-devel-linux-x86_64-debian-gcc 1.2 23.95 28.06 52.01 OK
r-devel-linux-x86_64-fedora-clang 1.2 93.73 NOTE
r-devel-linux-x86_64-fedora-gcc 1.2 83.08 OK
r-devel-windows-ix86+x86_64 1.2 103.00 88.00 191.00 OK
r-devel-windows-ix86+x86_64-gcc8 1.2 84.00 77.00 161.00 OK
r-patched-linux-x86_64 1.2 30.04 32.96 63.00 OK
r-patched-solaris-x86 1.2 123.70 NOTE
r-release-linux-x86_64 1.2 30.02 32.68 62.70 OK
r-release-windows-ix86+x86_64 1.2 70.00 51.00 121.00 OK
r-release-osx-x86_64 1.2 OK
r-oldrel-windows-ix86+x86_64 1.2 67.00 50.00 117.00 OK
r-oldrel-osx-x86_64 1.2 OK

Check Details

Version: 1.2
Check: installed package size
Result: NOTE
     installed size is 6.2Mb
     sub-directories of 1Mb or more:
     bin 2.5Mb
     doc 1.1Mb
     libs 2.5Mb
Flavors: r-devel-linux-x86_64-fedora-clang, r-patched-solaris-x86