CRAN Package Check Results for Package brainGraph

Last updated on 2020-01-27 00:47:58 CET.

Flavor Version Tinstall Tcheck Ttotal Status Flags
r-devel-linux-x86_64-debian-clang 2.7.3 22.49 147.06 169.55 OK
r-devel-linux-x86_64-debian-gcc 2.7.3 18.93 108.19 127.12 OK
r-devel-linux-x86_64-fedora-clang 2.7.3 195.71 OK
r-devel-linux-x86_64-fedora-gcc 2.7.3 193.83 OK
r-devel-windows-ix86+x86_64 2.7.3 57.00 227.00 284.00 OK
r-devel-windows-ix86+x86_64-gcc8 2.7.3 59.00 160.00 219.00 OK
r-patched-linux-x86_64 2.7.3 17.64 129.99 147.63 OK
r-patched-solaris-x86 2.7.3 252.60 OK
r-release-linux-x86_64 2.7.3 19.22 127.51 146.73 OK
r-release-windows-ix86+x86_64 2.7.3 31.00 140.00 171.00 OK
r-release-osx-x86_64 2.7.3 NOTE
r-oldrel-windows-ix86+x86_64 2.7.3 28.00 129.00 157.00 OK
r-oldrel-osx-x86_64 2.7.3 NOTE

Check Details

Version: 2.7.3
Check: dependencies in R code
Result: NOTE
    No protocol specified
    
    (R:60058): Gtk-WARNING **: gtk_disable_setlocale() must be called before gtk_init()
    No protocol specified
Flavor: r-release-osx-x86_64

Version: 2.7.3
Check: dependencies in R code
Result: NOTE
    No protocol specified
    
    (R:96230): Gtk-WARNING **: gtk_disable_setlocale() must be called before gtk_init()
    No protocol specified
Flavor: r-oldrel-osx-x86_64