CRAN Package Check Results for Package bnpa

Last updated on 2020-01-27 00:47:58 CET.

Flavor Version Tinstall Tcheck Ttotal Status Flags
r-devel-linux-x86_64-debian-clang 0.3.0 3.33 35.91 39.24 OK
r-devel-linux-x86_64-debian-gcc 0.3.0 2.65 28.03 30.68 OK
r-devel-linux-x86_64-fedora-clang 0.3.0 47.95 NOTE
r-devel-linux-x86_64-fedora-gcc 0.3.0 46.36 NOTE
r-devel-windows-ix86+x86_64 0.3.0 20.00 67.00 87.00 OK
r-devel-windows-ix86+x86_64-gcc8 0.3.0 18.00 54.00 72.00 OK
r-patched-linux-x86_64 0.3.0 2.43 32.33 34.76 OK
r-patched-solaris-x86 0.3.0 62.90 NOTE
r-release-linux-x86_64 0.3.0 2.87 32.25 35.12 OK
r-release-windows-ix86+x86_64 0.3.0 7.00 44.00 51.00 OK
r-release-osx-x86_64 0.3.0 NOTE
r-oldrel-windows-ix86+x86_64 0.3.0 6.00 43.00 49.00 OK
r-oldrel-osx-x86_64 0.3.0 NOTE

Check Details

Version: 0.3.0
Check: dependencies in R code
Result: NOTE
    Namespaces in Imports field not imported from:
     ‘Rgraphviz’ ‘fastDummies’
     All declared Imports should be used.
Flavors: r-devel-linux-x86_64-fedora-clang, r-devel-linux-x86_64-fedora-gcc, r-patched-solaris-x86, r-release-osx-x86_64, r-oldrel-osx-x86_64