CRAN Package Check Results for Package blink

Last updated on 2020-01-27 00:47:58 CET.

Flavor Version Tinstall Tcheck Ttotal Status Flags
r-devel-linux-x86_64-debian-clang 1.0.0 9.71 90.69 100.40 WARN
r-devel-linux-x86_64-debian-gcc 1.0.0 9.01 67.97 76.98 WARN
r-devel-linux-x86_64-fedora-clang 1.0.0 117.75 WARN
r-devel-linux-x86_64-fedora-gcc 1.0.0 119.76 WARN
r-devel-windows-ix86+x86_64 1.0.0 29.00 172.00 201.00 OK
r-devel-windows-ix86+x86_64-gcc8 1.0.0 40.00 156.00 196.00 OK
r-patched-linux-x86_64 1.0.0 9.35 78.65 88.00 WARN
r-patched-solaris-x86 1.0.0 176.60 OK
r-release-linux-x86_64 1.0.0 10.06 76.07 86.13 WARN
r-release-windows-ix86+x86_64 1.0.0 21.00 100.00 121.00 OK
r-release-osx-x86_64 1.0.0 OK
r-oldrel-windows-ix86+x86_64 1.0.0 14.00 102.00 116.00 OK
r-oldrel-osx-x86_64 1.0.0 OK

Check Details

Version: 1.0.0
Check: re-building of vignette outputs
Result: WARN
    Error(s) in re-building vignettes:
     ...
    --- re-building 'introEBLink.Rmd' using rmarkdown
    Error: processing vignette 'introEBLink.Rmd' failed with diagnostics:
    Scanner error: while scanning a directive at line 8, column 1 could not find expected directive name at line 8, column 2
    
    --- failed re-building 'introEBLink.Rmd'
    
    SUMMARY: processing the following file failed:
     'introEBLink.Rmd'
    
    Error: Vignette re-building failed.
    Execution halted
Flavors: r-devel-linux-x86_64-debian-clang, r-devel-linux-x86_64-debian-gcc, r-patched-linux-x86_64, r-release-linux-x86_64

Version: 1.0.0
Check: package dependencies
Result: WARN
    Requires orphaned package: ‘RecordLinkage’
Flavor: r-devel-linux-x86_64-fedora-clang

Version: 1.0.0
Check: re-building of vignette outputs
Result: WARN
    Error(s) in re-building vignettes:
    --- re-building ‘introEBLink.Rmd’ using rmarkdown
    Error: processing vignette 'introEBLink.Rmd' failed with diagnostics:
    Scanner error: while scanning a directive at line 8, column 1 could not find expected directive name at line 8, column 2
    
    --- failed re-building ‘introEBLink.Rmd’
    
    SUMMARY: processing the following file failed:
     ‘introEBLink.Rmd’
    
    Error: Vignette re-building failed.
    Execution halted
Flavors: r-devel-linux-x86_64-fedora-clang, r-devel-linux-x86_64-fedora-gcc