Last updated on 2020-01-27 00:47:58 CET.
Flavor | Version | Tinstall | Tcheck | Ttotal | Status | Flags |
---|---|---|---|---|---|---|
r-devel-linux-x86_64-debian-clang | 0.3-8 | 315.72 | 186.45 | 502.17 | NOTE | |
r-devel-linux-x86_64-debian-gcc | 0.3-8 | 260.48 | 145.29 | 405.77 | NOTE | |
r-devel-linux-x86_64-fedora-clang | 0.3-8 | 621.99 | NOTE | |||
r-devel-linux-x86_64-fedora-gcc | 0.3-8 | 637.28 | NOTE | |||
r-devel-windows-ix86+x86_64 | 0.3-8 | 428.00 | 416.00 | 844.00 | NOTE | |
r-devel-windows-ix86+x86_64-gcc8 | 0.3-8 | 474.00 | 311.00 | 785.00 | NOTE | |
r-patched-linux-x86_64 | 0.3-8 | 263.36 | 161.56 | 424.92 | NOTE | |
r-patched-solaris-x86 | 0.3-8 | 602.00 | NOTE | |||
r-release-linux-x86_64 | 0.3-8 | 268.93 | 159.82 | 428.75 | NOTE | |
r-release-windows-ix86+x86_64 | 0.3-8 | 301.00 | 251.00 | 552.00 | NOTE | |
r-release-osx-x86_64 | 0.3-8 | NOTE | ||||
r-oldrel-windows-ix86+x86_64 | 0.3-8 | 289.00 | 240.00 | 529.00 | NOTE | |
r-oldrel-osx-x86_64 | 0.3-8 | NOTE |
Version: 0.3-8
Check: for GNU extensions in Makefiles
Result: NOTE
GNU make is a SystemRequirements.
Flavors: r-devel-linux-x86_64-debian-clang, r-devel-linux-x86_64-debian-gcc, r-devel-linux-x86_64-fedora-clang, r-devel-linux-x86_64-fedora-gcc, r-devel-windows-ix86+x86_64, r-devel-windows-ix86+x86_64-gcc8, r-patched-linux-x86_64, r-patched-solaris-x86, r-release-linux-x86_64, r-release-windows-ix86+x86_64, r-release-osx-x86_64, r-oldrel-windows-ix86+x86_64, r-oldrel-osx-x86_64
Version: 0.3-8
Check: installed package size
Result: NOTE
installed size is 59.2Mb
sub-directories of 1Mb or more:
libs 57.3Mb
Flavors: r-devel-linux-x86_64-fedora-clang, r-devel-windows-ix86+x86_64, r-devel-windows-ix86+x86_64-gcc8, r-release-windows-ix86+x86_64, r-release-osx-x86_64, r-oldrel-windows-ix86+x86_64, r-oldrel-osx-x86_64