Last updated on 2020-01-27 00:47:58 CET.
Flavor | Version | Tinstall | Tcheck | Ttotal | Status | Flags |
---|---|---|---|---|---|---|
r-devel-linux-x86_64-debian-clang | 2.1.0 | 60.81 | 214.29 | 275.10 | NOTE | |
r-devel-linux-x86_64-debian-gcc | 2.1.0 | 45.30 | 166.75 | 212.05 | NOTE | |
r-devel-linux-x86_64-fedora-clang | 2.1.0 | 336.25 | NOTE | |||
r-devel-linux-x86_64-fedora-gcc | 2.1.0 | 347.74 | NOTE | |||
r-devel-windows-ix86+x86_64 | 2.1.0 | 192.00 | 197.00 | 389.00 | NOTE | |
r-devel-windows-ix86+x86_64-gcc8 | 2.1.0 | 186.00 | 195.00 | 381.00 | NOTE | |
r-patched-linux-x86_64 | 2.1.0 | 49.89 | 205.56 | 255.45 | NOTE | |
r-patched-solaris-x86 | 2.1.0 | 193.20 | NOTE | |||
r-release-linux-x86_64 | 2.1.0 | 45.86 | 206.44 | 252.30 | NOTE | |
r-release-windows-ix86+x86_64 | 2.1.0 | 132.00 | 124.00 | 256.00 | NOTE | |
r-release-osx-x86_64 | 2.1.0 | NOTE | ||||
r-oldrel-windows-ix86+x86_64 | 2.1.0 | 118.00 | 118.00 | 236.00 | NOTE | |
r-oldrel-osx-x86_64 | 2.1.0 | NOTE |
Version: 2.1.0
Check: for GNU extensions in Makefiles
Result: NOTE
GNU make is a SystemRequirements.
Flavors: r-devel-linux-x86_64-debian-clang, r-devel-linux-x86_64-debian-gcc, r-devel-linux-x86_64-fedora-clang, r-devel-linux-x86_64-fedora-gcc, r-devel-windows-ix86+x86_64, r-devel-windows-ix86+x86_64-gcc8, r-patched-linux-x86_64, r-patched-solaris-x86, r-release-linux-x86_64, r-release-windows-ix86+x86_64, r-release-osx-x86_64, r-oldrel-windows-ix86+x86_64, r-oldrel-osx-x86_64
Version: 2.1.0
Check: installed package size
Result: NOTE
installed size is 7.7Mb
sub-directories of 1Mb or more:
doc 3.0Mb
extdata 2.5Mb
libs 1.9Mb
Flavors: r-devel-linux-x86_64-fedora-clang, r-devel-windows-ix86+x86_64, r-devel-windows-ix86+x86_64-gcc8, r-patched-solaris-x86, r-release-windows-ix86+x86_64, r-release-osx-x86_64, r-oldrel-windows-ix86+x86_64, r-oldrel-osx-x86_64
Version: 2.1.0
Check: package dependencies
Result: NOTE
Package suggested but not available for checking: ‘Rmpi’
Flavors: r-release-osx-x86_64, r-oldrel-osx-x86_64