Last updated on 2020-01-27 00:47:58 CET.
Flavor | Version | Tinstall | Tcheck | Ttotal | Status | Flags |
---|---|---|---|---|---|---|
r-devel-linux-x86_64-debian-clang | 2.3.2 | 19.28 | 224.29 | 243.57 | OK | |
r-devel-linux-x86_64-debian-gcc | 2.3.2 | 14.41 | 168.23 | 182.64 | OK | |
r-devel-linux-x86_64-fedora-clang | 2.3.2 | 289.01 | NOTE | |||
r-devel-linux-x86_64-fedora-gcc | 2.3.2 | 285.60 | OK | |||
r-devel-windows-ix86+x86_64 | 2.3.2 | 78.00 | 364.00 | 442.00 | OK | |
r-devel-windows-ix86+x86_64-gcc8 | 2.3.2 | 56.00 | 356.00 | 412.00 | OK | |
r-patched-linux-x86_64 | 2.3.2 | 17.04 | 199.37 | 216.41 | OK | |
r-patched-solaris-x86 | 2.3.2 | 373.30 | NOTE | |||
r-release-linux-x86_64 | 2.3.2 | 17.78 | 198.64 | 216.42 | OK | |
r-release-windows-ix86+x86_64 | 2.3.2 | 37.00 | 232.00 | 269.00 | OK | |
r-release-osx-x86_64 | 2.3.2 | OK | ||||
r-oldrel-windows-ix86+x86_64 | 2.3.2 | 24.00 | 216.00 | 240.00 | OK | |
r-oldrel-osx-x86_64 | 2.3.2 | OK |
Version: 2.3.2
Check: package dependencies
Result: NOTE
Imports includes 21 non-default packages.
Importing from so many packages makes the package vulnerable to any of
them becoming unavailable. Move as many as possible to Suggests and
use conditionally.
Flavor: r-devel-linux-x86_64-fedora-clang
Version: 2.3.2
Check: installed package size
Result: NOTE
installed size is 5.0Mb
sub-directories of 1Mb or more:
data 2.0Mb
doc 1.9Mb
Flavors: r-devel-linux-x86_64-fedora-clang, r-patched-solaris-x86