CRAN Package Check Results for Package betalink

Last updated on 2020-01-27 00:47:58 CET.

Flavor Version Tinstall Tcheck Ttotal Status Flags
r-devel-linux-x86_64-debian-clang 2.2.1 2.84 20.81 23.65 NOTE
r-devel-linux-x86_64-debian-gcc 2.2.1 2.08 16.66 18.74 NOTE
r-devel-linux-x86_64-fedora-clang 2.2.1 29.99 NOTE
r-devel-linux-x86_64-fedora-gcc 2.2.1 28.67 NOTE
r-devel-windows-ix86+x86_64 2.2.1 8.00 45.00 53.00 NOTE
r-devel-windows-ix86+x86_64-gcc8 2.2.1 8.00 38.00 46.00 NOTE
r-patched-linux-x86_64 2.2.1 2.08 19.15 21.23 NOTE
r-patched-solaris-x86 2.2.1 41.60 NOTE
r-release-linux-x86_64 2.2.1 1.84 19.05 20.89 NOTE
r-release-windows-ix86+x86_64 2.2.1 4.00 32.00 36.00 NOTE
r-release-osx-x86_64 2.2.1 NOTE
r-oldrel-windows-ix86+x86_64 2.2.1 3.00 32.00 35.00 NOTE
r-oldrel-osx-x86_64 2.2.1 NOTE

Check Details

Version: 2.2.1
Check: DESCRIPTION meta-information
Result: NOTE
    Checking should be performed on sources prepared by 'R CMD build'.
Flavors: r-devel-linux-x86_64-debian-clang, r-devel-linux-x86_64-debian-gcc, r-devel-linux-x86_64-fedora-clang, r-devel-linux-x86_64-fedora-gcc, r-devel-windows-ix86+x86_64, r-devel-windows-ix86+x86_64-gcc8, r-patched-linux-x86_64, r-patched-solaris-x86, r-release-linux-x86_64, r-release-windows-ix86+x86_64, r-release-osx-x86_64, r-oldrel-windows-ix86+x86_64, r-oldrel-osx-x86_64