CRAN Package Check Results for Package bestSDP

Last updated on 2020-01-27 00:47:58 CET.

Flavor Version Tinstall Tcheck Ttotal Status Flags
r-devel-linux-x86_64-debian-clang 0.1.2 2.91 25.52 28.43 OK
r-devel-linux-x86_64-debian-gcc 0.1.2 2.28 20.59 22.87 OK
r-devel-linux-x86_64-fedora-clang 0.1.2 36.70 NOTE
r-devel-linux-x86_64-fedora-gcc 0.1.2 35.17 NOTE
r-devel-windows-ix86+x86_64 0.1.2 23.00 56.00 79.00 OK
r-devel-windows-ix86+x86_64-gcc8 0.1.2 15.00 56.00 71.00 OK
r-patched-linux-x86_64 0.1.2 2.51 23.71 26.22 OK
r-patched-solaris-x86 0.1.2 52.90 NOTE
r-release-linux-x86_64 0.1.2 2.48 23.73 26.21 OK
r-release-windows-ix86+x86_64 0.1.2 8.00 40.00 48.00 OK
r-release-osx-x86_64 0.1.2 NOTE
r-oldrel-windows-ix86+x86_64 0.1.2 3.00 38.00 41.00 OK
r-oldrel-osx-x86_64 0.1.2 NOTE

Check Details

Version: 0.1.2
Check: dependencies in R code
Result: NOTE
    Namespaces in Imports field not imported from:
     ‘DT’ ‘dplyr’ ‘ggplot2’ ‘readxl’ ‘rlist’ ‘shinyBS’ ‘shinyWidgets’
     ‘shinydashboard’ ‘shinyjs’ ‘shinythemes’ ‘stringr’ ‘tidyr’
     All declared Imports should be used.
Flavors: r-devel-linux-x86_64-fedora-clang, r-devel-linux-x86_64-fedora-gcc, r-patched-solaris-x86, r-release-osx-x86_64, r-oldrel-osx-x86_64