CRAN Package Check Results for Package bestNormalize

Last updated on 2020-01-27 00:47:58 CET.

Flavor Version Tinstall Tcheck Ttotal Status Flags
r-devel-linux-x86_64-debian-clang 1.4.2 4.76 52.24 57.00 OK
r-devel-linux-x86_64-debian-gcc 1.4.2 3.69 40.45 44.14 OK
r-devel-linux-x86_64-fedora-clang 1.4.2 70.90 WARN
r-devel-linux-x86_64-fedora-gcc 1.4.2 70.41 OK
r-devel-windows-ix86+x86_64 1.4.2 19.00 97.00 116.00 OK
r-devel-windows-ix86+x86_64-gcc8 1.4.2 25.00 91.00 116.00 OK
r-patched-linux-x86_64 1.4.2 4.19 47.53 51.72 OK
r-patched-solaris-x86 1.4.2 94.80 OK
r-release-linux-x86_64 1.4.2 3.09 47.37 50.46 OK
r-release-windows-ix86+x86_64 1.4.2 9.00 62.00 71.00 OK
r-release-osx-x86_64 1.4.2 OK
r-oldrel-windows-ix86+x86_64 1.4.2 7.00 66.00 73.00 OK
r-oldrel-osx-x86_64 1.4.2 OK

Check Details

Version: 1.4.2
Check: package dependencies
Result: WARN
    Requires orphaned package: ‘doRNG’
Flavor: r-devel-linux-x86_64-fedora-clang