CRAN Package Check Results for Package behaviorchange

Last updated on 2020-01-27 00:47:57 CET.

Flavor Version Tinstall Tcheck Ttotal Status Flags
r-devel-linux-x86_64-debian-clang 0.2.1 11.79 79.01 90.80 OK
r-devel-linux-x86_64-debian-gcc 0.2.1 8.99 59.71 68.70 OK
r-devel-linux-x86_64-fedora-clang 0.2.1 108.45 NOTE
r-devel-linux-x86_64-fedora-gcc 0.2.1 105.43 NOTE
r-devel-windows-ix86+x86_64 0.2.1 32.00 133.00 165.00 OK
r-devel-windows-ix86+x86_64-gcc8 0.2.1 26.00 116.00 142.00 OK
r-patched-linux-x86_64 0.2.1 7.71 71.47 79.18 OK
r-patched-solaris-x86 0.2.1 123.00 WARN
r-release-linux-x86_64 0.2.1 7.94 72.06 80.00 OK
r-release-windows-ix86+x86_64 0.2.1 14.00 80.00 94.00 OK
r-release-osx-x86_64 0.2.1 WARN
r-oldrel-windows-ix86+x86_64 0.2.1 11.00 80.00 91.00 OK
r-oldrel-osx-x86_64 0.2.1 WARN

Check Details

Version: 0.2.1
Check: dependencies in R code
Result: NOTE
    Namespace in Imports field not imported from: ‘magrittr’
     All declared Imports should be used.
Flavors: r-devel-linux-x86_64-fedora-clang, r-devel-linux-x86_64-fedora-gcc, r-patched-solaris-x86, r-release-osx-x86_64, r-oldrel-osx-x86_64

Version: 0.2.1
Check: re-building of vignette outputs
Result: WARN
    Error(s) in re-building vignettes:
     ...
    --- re-building ‘abcd-laagdrempelige_nederlandse_uitleg.Rmd’ using rmarkdown
    Warning in engine$weave(file, quiet = quiet, encoding = enc) :
     Pandoc (>= 1.12.3) and/or pandoc-citeproc not available. Falling back to R Markdown v1.
    Quitting from lines 53-74 (abcd-laagdrempelige_nederlandse_uitleg.Rmd)
    Error: processing vignette 'abcd-laagdrempelige_nederlandse_uitleg.Rmd' failed with diagnostics:
    there is no package called 'webshot'
    --- failed re-building ‘abcd-laagdrempelige_nederlandse_uitleg.Rmd’
    
    --- re-building ‘abcd.Rmd’ using rmarkdown
    Warning in engine$weave(file, quiet = quiet, encoding = enc) :
     Pandoc (>= 1.12.3) and/or pandoc-citeproc not available. Falling back to R Markdown v1.
    --- finished re-building ‘abcd.Rmd’
    
    --- re-building ‘matrix-van-aspecten-van-de-psychologie.Rmd’ using rmarkdown
    Warning in engine$weave(file, quiet = quiet, encoding = enc) :
     Pandoc (>= 1.12.3) and/or pandoc-citeproc not available. Falling back to R Markdown v1.
    --- finished re-building ‘matrix-van-aspecten-van-de-psychologie.Rmd’
    
    SUMMARY: processing the following file failed:
     ‘abcd-laagdrempelige_nederlandse_uitleg.Rmd’
    
    Error: Vignette re-building failed.
    Execution halted
Flavor: r-patched-solaris-x86

Version: 0.2.1
Check: re-building of vignette outputs
Result: WARN
    Error(s) in re-building vignettes:
     ...
    --- re-building ‘abcd-laagdrempelige_nederlandse_uitleg.Rmd’ using rmarkdown
    Warning in engine$weave(file, quiet = quiet, encoding = enc) :
     Pandoc (>= 1.12.3) and/or pandoc-citeproc not available. Falling back to R Markdown v1.
    Quitting from lines 53-74 (abcd-laagdrempelige_nederlandse_uitleg.Rmd)
    Error: processing vignette 'abcd-laagdrempelige_nederlandse_uitleg.Rmd' failed with diagnostics:
    cannot open the connection
    --- failed re-building ‘abcd-laagdrempelige_nederlandse_uitleg.Rmd’
    
    --- re-building ‘abcd.Rmd’ using rmarkdown
    Warning in engine$weave(file, quiet = quiet, encoding = enc) :
     Pandoc (>= 1.12.3) and/or pandoc-citeproc not available. Falling back to R Markdown v1.
    --- finished re-building ‘abcd.Rmd’
    
    --- re-building ‘matrix-van-aspecten-van-de-psychologie.Rmd’ using rmarkdown
    Warning in engine$weave(file, quiet = quiet, encoding = enc) :
     Pandoc (>= 1.12.3) and/or pandoc-citeproc not available. Falling back to R Markdown v1.
    --- finished re-building ‘matrix-van-aspecten-van-de-psychologie.Rmd’
    
    SUMMARY: processing the following file failed:
     ‘abcd-laagdrempelige_nederlandse_uitleg.Rmd’
    
    Error: Vignette re-building failed.
    Execution halted
Flavor: r-release-osx-x86_64

Version: 0.2.1
Check: re-building of vignette outputs
Result: WARN
    Error in re-building vignettes:
     ...
    Warning in engine$weave(file, quiet = quiet, encoding = enc) :
     Pandoc (>= 1.12.3) and/or pandoc-citeproc not available. Falling back to R Markdown v1.
    Quitting from lines 53-74 (abcd-laagdrempelige_nederlandse_uitleg.Rmd)
    Error: processing vignette 'abcd-laagdrempelige_nederlandse_uitleg.Rmd' failed with diagnostics:
    cannot open the connection
    Execution halted
Flavor: r-oldrel-osx-x86_64