CRAN Package Check Results for Package bdots

Last updated on 2020-01-27 00:47:57 CET.

Flavor Version Tinstall Tcheck Ttotal Status Flags
r-devel-linux-x86_64-debian-clang 0.1.19 11.74 164.97 176.71 OK
r-devel-linux-x86_64-debian-gcc 0.1.19 10.65 143.35 154.00 OK
r-devel-linux-x86_64-fedora-clang 0.1.19 228.21 WARN
r-devel-linux-x86_64-fedora-gcc 0.1.19 239.75 OK
r-devel-windows-ix86+x86_64 0.1.19 31.00 126.00 157.00 OK --no-vignettes
r-devel-windows-ix86+x86_64-gcc8 0.1.19 34.00 124.00 158.00 OK --no-vignettes
r-patched-linux-x86_64 0.1.19 11.04 146.12 157.16 OK
r-patched-solaris-x86 0.1.19 883.70 OK
r-release-linux-x86_64 0.1.19 9.49 147.79 157.28 OK
r-release-windows-ix86+x86_64 0.1.19 18.00 180.00 198.00 OK --no-vignettes
r-release-osx-x86_64 0.1.19 OK
r-oldrel-windows-ix86+x86_64 0.1.19 12.00 102.00 114.00 OK --no-vignettes
r-oldrel-osx-x86_64 0.1.19 OK

Check Details

Version: 0.1.19
Check: package dependencies
Result: WARN
    Requires orphaned package: ‘doRNG’
Flavor: r-devel-linux-x86_64-fedora-clang