Last updated on 2020-01-27 00:47:57 CET.
Flavor | Version | Tinstall | Tcheck | Ttotal | Status | Flags |
---|---|---|---|---|---|---|
r-devel-linux-x86_64-debian-clang | 0.18.0 | 5.29 | 60.18 | 65.47 | NOTE | |
r-devel-linux-x86_64-debian-gcc | 0.18.0 | 4.31 | 45.32 | 49.63 | NOTE | |
r-devel-linux-x86_64-fedora-clang | 0.18.0 | 79.32 | NOTE | |||
r-devel-linux-x86_64-fedora-gcc | 0.18.0 | 77.49 | NOTE | |||
r-devel-windows-ix86+x86_64 | 0.18.0 | 12.00 | 100.00 | 112.00 | NOTE | |
r-devel-windows-ix86+x86_64-gcc8 | 0.18.0 | 14.00 | 94.00 | 108.00 | NOTE | |
r-patched-linux-x86_64 | 0.18.0 | 4.92 | 52.06 | 56.98 | NOTE | |
r-patched-solaris-x86 | 0.18.0 | 105.10 | NOTE | |||
r-release-linux-x86_64 | 0.18.0 | 4.73 | 52.28 | 57.01 | NOTE | |
r-release-windows-ix86+x86_64 | 0.18.0 | 9.00 | 60.00 | 69.00 | NOTE | |
r-release-osx-x86_64 | 0.18.0 | NOTE | ||||
r-oldrel-windows-ix86+x86_64 | 0.18.0 | 5.00 | 60.00 | 65.00 | NOTE | |
r-oldrel-osx-x86_64 | 0.18.0 | NOTE |
Version: 0.18.0
Check: package dependencies
Result: NOTE
Package suggested but not available for checking: 'bcmapsdata'
Flavors: r-devel-linux-x86_64-debian-clang, r-devel-linux-x86_64-debian-gcc, r-devel-linux-x86_64-fedora-clang, r-devel-linux-x86_64-fedora-gcc, r-patched-linux-x86_64, r-patched-solaris-x86, r-release-linux-x86_64, r-release-osx-x86_64, r-oldrel-osx-x86_64
Version: 0.18.0
Check: package dependencies
Result: NOTE
Packages suggested but not available for checking: 'bcmapsdata', 'doMC'
Flavors: r-devel-windows-ix86+x86_64, r-devel-windows-ix86+x86_64-gcc8, r-release-windows-ix86+x86_64
Version: 0.18.0
Check: package dependencies
Result: NOTE
Packages suggested but not available for checking: 'bcmapsdata' 'doMC'
Flavor: r-oldrel-windows-ix86+x86_64