CRAN Package Check Results for Package bayeslm

Last updated on 2020-01-27 00:47:57 CET.

Flavor Version Tinstall Tcheck Ttotal Status Flags
r-devel-linux-x86_64-debian-clang 0.8.0 188.08 35.56 223.64 NOTE
r-devel-linux-x86_64-debian-gcc 0.8.0 130.03 27.24 157.27 NOTE
r-devel-linux-x86_64-fedora-clang 0.8.0 311.15 NOTE
r-devel-linux-x86_64-fedora-gcc 0.8.0 293.62 NOTE
r-devel-windows-ix86+x86_64 0.8.0 420.00 107.00 527.00 NOTE
r-devel-windows-ix86+x86_64-gcc8 0.8.0 479.00 80.00 559.00 NOTE
r-patched-linux-x86_64 0.8.0 146.68 32.24 178.92 NOTE
r-patched-solaris-x86 0.8.0 251.20 NOTE
r-release-linux-x86_64 0.8.0 148.24 32.77 181.01 NOTE
r-release-windows-ix86+x86_64 0.8.0 316.00 74.00 390.00 NOTE
r-release-osx-x86_64 0.8.0 NOTE
r-oldrel-windows-ix86+x86_64 0.8.0 305.00 72.00 377.00 NOTE
r-oldrel-osx-x86_64 0.8.0 NOTE

Check Details

Version: 0.8.0
Check: line endings in C/C++/Fortran sources/headers
Result: NOTE
    Found the following sources/headers not terminated with a newline:
     inst/include/bayeslm.h
    Some compilers warn on such files.
Flavors: r-devel-linux-x86_64-debian-clang, r-devel-linux-x86_64-debian-gcc, r-devel-linux-x86_64-fedora-clang, r-devel-linux-x86_64-fedora-gcc, r-devel-windows-ix86+x86_64, r-devel-windows-ix86+x86_64-gcc8, r-patched-linux-x86_64, r-patched-solaris-x86, r-release-linux-x86_64, r-release-windows-ix86+x86_64, r-release-osx-x86_64

Version: 0.8.0
Check: for GNU extensions in Makefiles
Result: NOTE
    GNU make is a SystemRequirements.
Flavors: r-devel-linux-x86_64-debian-clang, r-devel-linux-x86_64-debian-gcc, r-devel-linux-x86_64-fedora-clang, r-devel-linux-x86_64-fedora-gcc, r-devel-windows-ix86+x86_64, r-devel-windows-ix86+x86_64-gcc8, r-patched-linux-x86_64, r-patched-solaris-x86, r-release-linux-x86_64, r-release-windows-ix86+x86_64, r-release-osx-x86_64, r-oldrel-windows-ix86+x86_64, r-oldrel-osx-x86_64

Version: 0.8.0
Check: installed package size
Result: NOTE
     installed size is 9.8Mb
     sub-directories of 1Mb or more:
     libs 9.6Mb
Flavors: r-devel-linux-x86_64-fedora-clang, r-release-osx-x86_64, r-oldrel-osx-x86_64