CRAN Package Check Results for Package bayesTFR

Last updated on 2020-01-27 00:47:57 CET.

Flavor Version Tinstall Tcheck Ttotal Status Flags
r-devel-linux-x86_64-debian-clang 6.4-0 14.64 79.51 94.15 OK
r-devel-linux-x86_64-debian-gcc 6.4-0 12.80 61.52 74.32 OK
r-devel-linux-x86_64-fedora-clang 6.4-0 112.87 NOTE
r-devel-linux-x86_64-fedora-gcc 6.4-0 109.80 OK
r-devel-windows-ix86+x86_64 6.4-0 57.00 173.00 230.00 OK
r-devel-windows-ix86+x86_64-gcc8 6.4-0 40.00 126.00 166.00 OK
r-patched-linux-x86_64 6.4-0 13.42 72.59 86.01 OK
r-patched-solaris-x86 6.4-0 132.90 OK
r-release-linux-x86_64 6.4-0 12.61 71.88 84.49 OK
r-release-windows-ix86+x86_64 6.4-0 31.00 112.00 143.00 OK
r-release-osx-x86_64 6.4-0 NOTE
r-oldrel-windows-ix86+x86_64 6.4-0 25.00 95.00 120.00 OK
r-oldrel-osx-x86_64 6.4-0 NOTE

Check Details

Version: 6.4-0
Check: installed package size
Result: NOTE
     installed size is 6.0Mb
     sub-directories of 1Mb or more:
     ex-data 4.7Mb
Flavors: r-devel-linux-x86_64-fedora-clang, r-release-osx-x86_64, r-oldrel-osx-x86_64