CRAN Package Check Results for Package backShift

Last updated on 2020-01-27 00:47:57 CET.

Flavor Version Tinstall Tcheck Ttotal Status Flags
r-devel-linux-x86_64-debian-clang 0.1.4.2 7.19 130.81 138.00 OK
r-devel-linux-x86_64-debian-gcc 0.1.4.2 5.22 93.54 98.76 NOTE
r-devel-linux-x86_64-fedora-clang 0.1.4.2 155.91 WARN
r-devel-linux-x86_64-fedora-gcc 0.1.4.2 151.45 OK
r-devel-windows-ix86+x86_64 0.1.4.2 20.00 341.00 361.00 OK
r-devel-windows-ix86+x86_64-gcc8 0.1.4.2 31.00 310.00 341.00 OK
r-patched-linux-x86_64 0.1.4.2 5.68 109.75 115.43 OK
r-patched-solaris-x86 0.1.4.2 201.20 OK
r-release-linux-x86_64 0.1.4.2 5.25 109.15 114.40 OK
r-release-windows-ix86+x86_64 0.1.4.2 15.00 180.00 195.00 OK
r-release-osx-x86_64 0.1.4.2 NOTE
r-oldrel-windows-ix86+x86_64 0.1.4.2 11.00 194.00 205.00 WARN
r-oldrel-osx-x86_64 0.1.4.2 OK

Check Details

Version: 0.1.4.2
Check: package dependencies
Result: NOTE
    Package suggested but not available for checking: ‘pcalg’
Flavors: r-devel-linux-x86_64-debian-gcc, r-release-osx-x86_64

Version: 0.1.4.2
Check: package dependencies
Result: WARN
    Requires orphaned package: ‘mvnmle’
Flavor: r-devel-linux-x86_64-fedora-clang

Version: 0.1.4.2
Check: Rd cross-references
Result: NOTE
    Package unavailable to check Rd xrefs: ‘pcalg’
Flavor: r-release-osx-x86_64

Version: 0.1.4.2
Check: whether package can be installed
Result: WARN
    Found the following significant warnings:
     Warning: S3 methods '[.fun_list', '[.grouped_df', 'all.equal.tbl_df', 'anti_join.data.frame', 'anti_join.tbl_df', 'arrange.data.frame', 'arrange.default', 'arrange.grouped_df', 'arrange.tbl_df', 'arrange_.data.frame', 'arrange_.tbl_df', 'as.data.frame.grouped_df', 'as.data.frame.rowwise_df', 'as.data.frame.tbl_cube', 'as.table.tbl_cube', 'as.tbl.data.frame', 'as.tbl.tbl', 'as.tbl_cube.array', 'as.tbl_cube.data.frame', 'as.tbl_cube.matrix', 'as.tbl_cube.table', 'as_tibble.grouped_df', 'as_tibble.tbl_cube', 'auto_copy.tbl_cube', 'auto_copy.tbl_df', 'cbind.grouped_df', 'collapse.data.frame', 'collect.data.frame', 'common_by.NULL', 'common_by.character', 'common_by.default', 'common_by.list', 'compute.data.frame', 'copy_to.DBIConnection', 'copy_to.src_local', 'default_missing.data.frame', 'default_missing.default', 'dim.tbl_cube', 'distinct.data.frame', 'distinct.default', 'distinct.grouped_df', 'distinct.tbl_df', 'distinct_.data.frame', 'distinct_.grouped_df', 'distinct_.tbl_df', 'do.NULL', 'do.da [... truncated]
Flavor: r-oldrel-windows-ix86+x86_64