CRAN Package Check Results for Package babynames

Last updated on 2020-01-27 00:47:57 CET.

Flavor Version Tinstall Tcheck Ttotal Status Flags
r-devel-linux-x86_64-debian-clang 1.0.0 11.84 37.91 49.75 OK
r-devel-linux-x86_64-debian-gcc 1.0.0 12.43 30.67 43.10 OK
r-devel-linux-x86_64-fedora-clang 1.0.0 65.06 NOTE
r-devel-linux-x86_64-fedora-gcc 1.0.0 63.51 OK
r-devel-windows-ix86+x86_64 1.0.0 19.00 72.00 91.00 NOTE
r-devel-windows-ix86+x86_64-gcc8 1.0.0 33.00 50.00 83.00 NOTE
r-patched-linux-x86_64 1.0.0 10.79 35.01 45.80 OK
r-patched-solaris-x86 1.0.0 103.40 NOTE
r-release-linux-x86_64 1.0.0 10.42 35.40 45.82 OK
r-release-windows-ix86+x86_64 1.0.0 16.00 47.00 63.00 NOTE
r-release-osx-x86_64 1.0.0 NOTE
r-oldrel-windows-ix86+x86_64 1.0.0 16.00 46.00 62.00 NOTE
r-oldrel-osx-x86_64 1.0.0 NOTE

Check Details

Version: 1.0.0
Check: installed package size
Result: NOTE
     installed size is 9.5Mb
     sub-directories of 1Mb or more:
     data 9.4Mb
Flavors: r-devel-linux-x86_64-fedora-clang, r-devel-windows-ix86+x86_64, r-devel-windows-ix86+x86_64-gcc8, r-patched-solaris-x86, r-release-windows-ix86+x86_64, r-release-osx-x86_64, r-oldrel-windows-ix86+x86_64, r-oldrel-osx-x86_64