CRAN Package Check Results for Package auk

Last updated on 2020-01-27 00:47:57 CET.

Flavor Version Tinstall Tcheck Ttotal Status Flags
r-devel-linux-x86_64-debian-clang 0.4.0 4.57 71.99 76.56 OK
r-devel-linux-x86_64-debian-gcc 0.4.0 4.74 55.85 60.59 OK
r-devel-linux-x86_64-fedora-clang 0.4.0 94.32 NOTE
r-devel-linux-x86_64-fedora-gcc 0.4.0 91.27 NOTE
r-devel-windows-ix86+x86_64 0.4.0 18.00 142.00 160.00 OK
r-devel-windows-ix86+x86_64-gcc8 0.4.0 22.00 140.00 162.00 OK
r-patched-linux-x86_64 0.4.0 4.21 66.64 70.85 OK
r-patched-solaris-x86 0.4.0 127.10 NOTE
r-release-linux-x86_64 0.4.0 4.19 66.84 71.03 OK
r-release-windows-ix86+x86_64 0.4.0 9.00 91.00 100.00 OK
r-release-osx-x86_64 0.4.0 NOTE
r-oldrel-windows-ix86+x86_64 0.4.0 8.00 89.00 97.00 OK
r-oldrel-osx-x86_64 0.4.0 NOTE

Check Details

Version: 0.4.0
Check: data for non-ASCII characters
Result: NOTE
     Note: found 552 marked UTF-8 strings
Flavors: r-devel-linux-x86_64-fedora-clang, r-devel-linux-x86_64-fedora-gcc, r-patched-solaris-x86, r-release-osx-x86_64, r-oldrel-osx-x86_64