CRAN Package Check Results for Package asymmetry

Last updated on 2020-01-27 00:47:57 CET.

Flavor Version Tinstall Tcheck Ttotal Status Flags
r-devel-linux-x86_64-debian-clang 2.0.2 13.68 119.60 133.28 OK
r-devel-linux-x86_64-debian-gcc 2.0.2 9.52 88.34 97.86 OK
r-devel-linux-x86_64-fedora-clang 2.0.2 159.15 WARN
r-devel-linux-x86_64-fedora-gcc 2.0.2 152.17 OK
r-devel-windows-ix86+x86_64 2.0.2 68.00 200.00 268.00 OK
r-devel-windows-ix86+x86_64-gcc8 2.0.2 69.00 201.00 270.00 OK
r-patched-linux-x86_64 2.0.2 11.46 100.35 111.81 OK
r-patched-solaris-x86 2.0.2 236.50 OK
r-release-linux-x86_64 2.0.2 9.31 101.66 110.97 OK
r-release-windows-ix86+x86_64 2.0.2 31.00 114.00 145.00 OK
r-release-osx-x86_64 2.0.2 OK
r-oldrel-windows-ix86+x86_64 2.0.2 18.00 115.00 133.00 OK
r-oldrel-osx-x86_64 2.0.2 OK

Check Details

Version: 2.0.2
Check: package dependencies
Result: WARN
    Requires orphaned package: ‘gplots’
Flavor: r-devel-linux-x86_64-fedora-clang