CRAN Package Check Results for Package asciicast

Last updated on 2020-01-27 00:47:57 CET.

Flavor Version Tinstall Tcheck Ttotal Status Flags
r-devel-linux-x86_64-debian-clang 1.0.0 7.34 60.19 67.53 OK
r-devel-linux-x86_64-debian-gcc 1.0.0 5.67 45.77 51.44 OK
r-devel-linux-x86_64-fedora-clang 1.0.0 56.02 OK
r-devel-linux-x86_64-fedora-gcc 1.0.0 56.41 OK
r-devel-windows-ix86+x86_64 1.0.0 14.00 83.00 97.00 OK
r-devel-windows-ix86+x86_64-gcc8 1.0.0 21.00 84.00 105.00 OK
r-patched-linux-x86_64 1.0.0 6.14 56.19 62.33 OK
r-patched-solaris-x86 1.0.0 64.40 OK
r-release-linux-x86_64 1.0.0 5.50 56.25 61.75 OK
r-release-windows-ix86+x86_64 1.0.0 10.00 53.00 63.00 OK
r-release-osx-x86_64 1.0.0 OK
r-oldrel-windows-ix86+x86_64 1.0.0 7.00 56.00 63.00 NOTE
r-oldrel-osx-x86_64 1.0.0 NOTE

Check Details

Version: 1.0.0
Check: R code for possible problems
Result: NOTE
    record: no visible global function definition for 'str2lang'
    Undefined global functions or variables:
     str2lang
Flavors: r-oldrel-windows-ix86+x86_64, r-oldrel-osx-x86_64